{"id":5408,"date":"2018-04-27T23:50:19","date_gmt":"2018-04-27T21:50:19","guid":{"rendered":"http:\/\/pro-bahn-hessen.de\/wp-content\/uploads\/2018\/04\/DSC02882-zugeschnitten.jpg"},"modified":"2018-04-27T23:51:49","modified_gmt":"2018-04-27T21:51:49","slug":"dsc02882-zugeschnitten","status":"inherit","type":"attachment","link":"https:\/\/pro-bahn-hessen.de\/?attachment_id=5408","title":{"rendered":"Der Premierenzug von FLIXTRAIN f\u00e4hrt  am 26.04.2018 von Berlin kommend im Schatten der Europ\u00e4ischen Zentralbank in Frankfurt (Main) S\u00fcd ein."},"author":1,"comment_status":"open","ping_status":"closed","template":"","meta":[],"description":{"rendered":"<p class=\"attachment\"><a href='https:\/\/pro-bahn-hessen.de\/wp-content\/uploads\/2018\/04\/DSC02882-zugeschnitten.jpg'><img loading=\"lazy\" decoding=\"async\" width=\"300\" height=\"227\" src=\"https:\/\/pro-bahn-hessen.de\/wp-content\/uploads\/2018\/04\/DSC02882-zugeschnitten-300x227.jpg\" class=\"attachment-medium size-medium\" alt=\"Der Premierenzug von FLIXTRAIN f\u00e4hrt am 26.04.2018 von Berlin kommend im Schatten der Europ\u00e4ischen Zentralbank in Frankfurt (Main) S\u00fcd ein.\" srcset=\"https:\/\/pro-bahn-hessen.de\/wp-content\/uploads\/2018\/04\/DSC02882-zugeschnitten-300x227.jpg 300w, https:\/\/pro-bahn-hessen.de\/wp-content\/uploads\/2018\/04\/DSC02882-zugeschnitten-768x580.jpg 768w, https:\/\/pro-bahn-hessen.de\/wp-content\/uploads\/2018\/04\/DSC02882-zugeschnitten-1024x774.jpg 1024w, https:\/\/pro-bahn-hessen.de\/wp-content\/uploads\/2018\/04\/DSC02882-zugeschnitten.jpg 1505w\" sizes=\"(max-width: 300px) 100vw, 300px\" \/><\/a><\/p>\n<p>Der Premierenzug von FLIXTRAIN f\u00e4hrt  am 26.04.2018 von Berlin kommend im Schatten der Europ\u00e4ischen Zentralbank in Frankfurt (Main) S\u00fcd ein.<\/p>\n"},"caption":{"rendered":"<p>Der Premierenzug von FLIXTRAIN f\u00e4hrt  am 26.04.2018 von Berlin kommend im Schatten der Europ\u00e4ischen Zentralbank in Frankfurt (Main) S\u00fcd ein. <a href=\"https:\/\/pro-bahn-hessen.de\/?attachment_id=5408\">Weiterlesen <span class=\"meta-nav\">&rarr;<\/span><\/a><\/p>\n"},"alt_text":"Der Premierenzug von FLIXTRAIN f\u00e4hrt am 26.04.2018 von Berlin kommend im Schatten der Europ\u00e4ischen Zentralbank in Frankfurt (Main) S\u00fcd ein.","media_type":"image","mime_type":"image\/jpeg","media_details":{"width":1505,"height":1137,"file":"2018\/04\/DSC02882-zugeschnitten.jpg","sizes":{"thumbnail":{"file":"DSC02882-zugeschnitten-150x150.jpg","width":150,"height":150,"mime_type":"image\/jpeg","source_url":"https:\/\/pro-bahn-hessen.de\/wp-content\/uploads\/2018\/04\/DSC02882-zugeschnitten-150x150.jpg"},"medium":{"file":"DSC02882-zugeschnitten-300x227.jpg","width":300,"height":227,"mime_type":"image\/jpeg","source_url":"https:\/\/pro-bahn-hessen.de\/wp-content\/uploads\/2018\/04\/DSC02882-zugeschnitten-300x227.jpg"},"medium_large":{"file":"DSC02882-zugeschnitten-768x580.jpg","width":768,"height":580,"mime_type":"image\/jpeg","source_url":"https:\/\/pro-bahn-hessen.de\/wp-content\/uploads\/2018\/04\/DSC02882-zugeschnitten-768x580.jpg"},"large":{"file":"DSC02882-zugeschnitten-1024x774.jpg","width":1024,"height":774,"mime_type":"image\/jpeg","source_url":"https:\/\/pro-bahn-hessen.de\/wp-content\/uploads\/2018\/04\/DSC02882-zugeschnitten-1024x774.jpg"},"post-thumbnail":{"file":"DSC02882-zugeschnitten-940x198.jpg","width":940,"height":198,"mime_type":"image\/jpeg","source_url":"https:\/\/pro-bahn-hessen.de\/wp-content\/uploads\/2018\/04\/DSC02882-zugeschnitten-940x198.jpg"},"full":{"file":"DSC02882-zugeschnitten.jpg","width":1505,"height":1137,"mime_type":"image\/jpeg","source_url":"https:\/\/pro-bahn-hessen.de\/wp-content\/uploads\/2018\/04\/DSC02882-zugeschnitten.jpg"}},"image_meta":{"aperture":"2.8","credit":"","camera":"DCR-HC96E","caption":"","created_timestamp":"1524771534","copyright":"","focal_length":"23.5","iso":"0","shutter_speed":"0.02","title":"","orientation":"1","keywords":[]}},"post":5407,"source_url":"https:\/\/pro-bahn-hessen.de\/wp-content\/uploads\/2018\/04\/DSC02882-zugeschnitten.jpg","_links":{"self":[{"href":"https:\/\/pro-bahn-hessen.de\/index.php?rest_route=\/wp\/v2\/media\/5408"}],"collection":[{"href":"https:\/\/pro-bahn-hessen.de\/index.php?rest_route=\/wp\/v2\/media"}],"about":[{"href":"https:\/\/pro-bahn-hessen.de\/index.php?rest_route=\/wp\/v2\/types\/attachment"}],"author":[{"embeddable":true,"href":"https:\/\/pro-bahn-hessen.de\/index.php?rest_route=\/wp\/v2\/users\/1"}],"replies":[{"embeddable":true,"href":"https:\/\/pro-bahn-hessen.de\/index.php?rest_route=%2Fwp%2Fv2%2Fcomments&post=5408"}]}}

Der Premierenzug von FLIXTRAIN fährt  am 26.04.2018 von Berlin kommend im Schatten der Europäischen Zentralbank in Frankfurt (Main) Süd ein.

<p class="attachment"><a href='https://pro-bahn-hessen.de/wp-content/uploads/2018/04/DSC02882-zugeschnitten.jpg'><img loading="lazy" decoding="async" width="300" height="227" src="https://pro-bahn-hessen.de/wp-content/uploads/2018/04/DSC02882-zugeschnitten-300x227.jpg" class="attachment-medium size-medium" alt="Der Premierenzug von FLIXTRAIN fährt am 26.04.2018 von Berlin kommend im Schatten der Europäischen Zentralbank in Frankfurt (Main) Süd ein." srcset="https://pro-bahn-hessen.de/wp-content/uploads/2018/04/DSC02882-zugeschnitten-300x227.jpg 300w, https://pro-bahn-hessen.de/wp-content/uploads/2018/04/DSC02882-zugeschnitten-768x580.jpg 768w, https://pro-bahn-hessen.de/wp-content/uploads/2018/04/DSC02882-zugeschnitten-1024x774.jpg 1024w, https://pro-bahn-hessen.de/wp-content/uploads/2018/04/DSC02882-zugeschnitten.jpg 1505w" sizes="(max-width: 300px) 100vw, 300px" /></a></p>
<p>Der Premierenzug von FLIXTRAIN fährt  am 26.04.2018 von Berlin kommend im Schatten der Europäischen Zentralbank in Frankfurt (Main) Süd ein.</p>

<p>Der Premierenzug von FLIXTRAIN fährt  am 26.04.2018 von Berlin kommend im Schatten der Europäischen Zentralbank in Frankfurt (Main) Süd ein. <a href="https://pro-bahn-hessen.de/?attachment_id=5408">Weiterlesen <span class="meta-nav">&rarr;</span></a></p>

Der Premierenzug von FLIXTRAIN fährt am 26.04.2018 von Berlin kommend im Schatten der Europäischen Zentralbank in Frankfurt (Main) Süd ein.
