{"id":5421,"date":"2018-04-28T01:27:20","date_gmt":"2018-04-27T23:27:20","guid":{"rendered":"http:\/\/pro-bahn-hessen.de\/wp-content\/uploads\/2018\/04\/DSC02812-klein-300.jpg"},"modified":"2022-03-13T09:42:20","modified_gmt":"2022-03-13T08:42:20","slug":"dsc02812-klein-300","status":"inherit","type":"attachment","link":"https:\/\/pro-bahn-hessen.de\/?attachment_id=5421","title":{"rendered":"Ein Bahnsteig der Main-Weser-Bahn in Mittelhessen. F\u00fcr relativ viel Geld die Oberfl\u00e4che erneuert, jedoch nichtauf 55 cm angehoben, um in die bis in die 2040er Jahre verkehrenden Z\u00fcge einzusteigen."},"author":1,"comment_status":"open","ping_status":"closed","template":"","meta":[],"description":{"rendered":"<p class=\"attachment\"><a href='https:\/\/pro-bahn-hessen.de\/wp-content\/uploads\/2018\/04\/DSC02812-klein-300.jpg'><img loading=\"lazy\" decoding=\"async\" width=\"300\" height=\"225\" src=\"https:\/\/pro-bahn-hessen.de\/wp-content\/uploads\/2018\/04\/DSC02812-klein-300-300x225.jpg\" class=\"attachment-medium size-medium\" alt=\"\" \/><\/a><\/p>\n<p>Ein Bahnsteig der Main-Weser-Bahn in Mittelhessen. F\u00fcr relativ viel Geld die Oberfl\u00e4che erneuert, jedoch nichtauf 55 cm angehoben, um in die bis in die 2040er Jahre verkehrenden Z\u00fcge einzusteigen.<\/p>\n"},"caption":{"rendered":"<p>Ein Bahnsteig der Main-Weser-Bahn in Mittelhessen. F\u00fcr relativ viel Geld die Oberfl\u00e4che erneuert, jedoch nichtauf 55 cm angehoben, um in die bis in die 2040er Jahre verkehrenden Z\u00fcge einzusteigen. <a href=\"https:\/\/pro-bahn-hessen.de\/?attachment_id=5421\">Weiterlesen <span class=\"meta-nav\">&rarr;<\/span><\/a><\/p>\n"},"alt_text":"","media_type":"image","mime_type":"image\/jpeg","media_details":{"width":300,"height":225,"file":"2018\/04\/DSC02812-klein-300.jpg","sizes":{"thumbnail":{"file":"DSC02812-klein-300-150x150.jpg","width":150,"height":150,"mime_type":"image\/jpeg","source_url":"https:\/\/pro-bahn-hessen.de\/wp-content\/uploads\/2018\/04\/DSC02812-klein-300-150x150.jpg"},"medium":{"file":"DSC02812-klein-300-300x225.jpg","width":300,"height":225,"mime_type":"image\/jpeg","source_url":"https:\/\/pro-bahn-hessen.de\/wp-content\/uploads\/2018\/04\/DSC02812-klein-300-300x225.jpg"},"post-thumbnail":{"file":"DSC02812-klein-300-300x198.jpg","width":300,"height":198,"mime_type":"image\/jpeg","source_url":"https:\/\/pro-bahn-hessen.de\/wp-content\/uploads\/2018\/04\/DSC02812-klein-300-300x198.jpg"},"full":{"file":"DSC02812-klein-300.jpg","width":300,"height":225,"mime_type":"image\/jpeg","source_url":"https:\/\/pro-bahn-hessen.de\/wp-content\/uploads\/2018\/04\/DSC02812-klein-300.jpg"}},"image_meta":{"aperture":"3.5","credit":"","camera":"DSC-H3","caption":"","created_timestamp":"1408550630","copyright":"","focal_length":"6.3","iso":"125","shutter_speed":"0.00625","title":"","orientation":"1","keywords":[]}},"post":5418,"source_url":"https:\/\/pro-bahn-hessen.de\/wp-content\/uploads\/2018\/04\/DSC02812-klein-300.jpg","_links":{"self":[{"href":"https:\/\/pro-bahn-hessen.de\/index.php?rest_route=\/wp\/v2\/media\/5421"}],"collection":[{"href":"https:\/\/pro-bahn-hessen.de\/index.php?rest_route=\/wp\/v2\/media"}],"about":[{"href":"https:\/\/pro-bahn-hessen.de\/index.php?rest_route=\/wp\/v2\/types\/attachment"}],"author":[{"embeddable":true,"href":"https:\/\/pro-bahn-hessen.de\/index.php?rest_route=\/wp\/v2\/users\/1"}],"replies":[{"embeddable":true,"href":"https:\/\/pro-bahn-hessen.de\/index.php?rest_route=%2Fwp%2Fv2%2Fcomments&post=5421"}]}}

Ein Bahnsteig der Main-Weser-Bahn in Mittelhessen. Für relativ viel Geld die Oberfläche erneuert, jedoch nichtauf 55 cm angehoben, um in die bis in die 2040er Jahre verkehrenden Züge einzusteigen.

<p class="attachment"><a href='https://pro-bahn-hessen.de/wp-content/uploads/2018/04/DSC02812-klein-300.jpg'><img loading="lazy" decoding="async" width="300" height="225" src="https://pro-bahn-hessen.de/wp-content/uploads/2018/04/DSC02812-klein-300-300x225.jpg" class="attachment-medium size-medium" alt="" /></a></p>
<p>Ein Bahnsteig der Main-Weser-Bahn in Mittelhessen. Für relativ viel Geld die Oberfläche erneuert, jedoch nichtauf 55 cm angehoben, um in die bis in die 2040er Jahre verkehrenden Züge einzusteigen.</p>

<p>Ein Bahnsteig der Main-Weser-Bahn in Mittelhessen. Für relativ viel Geld die Oberfläche erneuert, jedoch nichtauf 55 cm angehoben, um in die bis in die 2040er Jahre verkehrenden Züge einzusteigen. <a href="https://pro-bahn-hessen.de/?attachment_id=5421">Weiterlesen <span class="meta-nav">&rarr;</span></a></p>
