{"id":430,"date":"2013-05-20T00:13:54","date_gmt":"2013-05-19T22:13:54","guid":{"rendered":"http:\/\/pro-bahn-hessen.de\/?page_id=430"},"modified":"2020-04-05T05:33:17","modified_gmt":"2020-04-05T03:33:17","slug":"verkehrstrager","status":"publish","type":"page","link":"https:\/\/pro-bahn-hessen.de\/?page_id=430","title":{"rendered":"Aufgabentr\u00e4ger \/ Nahverkehrstr\u00e4ger"},"content":{"rendered":"<p><strong>Verkehrsverb\u00fcnde in Hessen f\u00fcr regionalen Personennahverkehr (Nahverkehrsz\u00fcge, S-Bahn):<br \/>\n<\/strong><\/p>\n<p><a href=\"http:\/\/www.nvv.de\" target=\"_blank\" rel=\"noopener noreferrer\">Nordhessischer Verkehrsverbund (NVV)<br \/>\n<\/a><\/p>\n<p><a title=\"Rhein-Main-Verkehrsverbund\" href=\"http:\/\/www.rmv.de\" target=\"_blank\" rel=\"noopener noreferrer\">Rhein-Main-Verkehrsverbund (RMV)<\/a><br \/>\n<a title=\"Verkehrsverbund Rhein-Neckar\" href=\"http:\/\/www.vrn.de\" target=\"_blank\" rel=\"noopener noreferrer\"><br \/>\nVerkehrsverbund Rhein-Neckar (VRN)<\/a><\/p>\n<p><strong>Lokale Nahverkehrsorganisationen (LNO) bzw. Verkehrstr\u00e4ger f\u00fcr Bus bzw. Stra\u00dfen- und U-Bahn im Auftrag der Kommunen \u00fcber 50.000 Einwohner (kreisfreie St\u00e4dte und Sonderstatusst\u00e4dte) bzw. der Landkreise:<\/strong><\/p>\n<p>1.) Landkreis Kassel<br \/>\n<a href=\"https:\/\/landkreiskassel.de\/service\/produkte\/lkks\/schulen-sport-und-mobilitaet\/nahmobilitaet-und-sport\/oepnv_8964288.php\" rel=\"noopener noreferrer\" target=\"_blank\">Landkreis Kassel<\/a><\/p>\n<p>2.) Stadt Kassel<a title=\"Kasseler Verkehrsgesellschaft (KVG)\" href=\"http:\/\/www.kvg.de\" target=\"_blank\" rel=\"noopener noreferrer\"><br \/>\nKasseler Verkehrsgesellschaft (KVG)<\/a><\/p>\n<p>3.) Werra-Mei\u00dfner-Kreis<br \/>\n<a title=\"Nahverkehr Werra-Mei\u00dfner\" href=\"https:\/\/nwm-esw.de\/\" target=\"_blank\" rel=\"noopener noreferrer\">Nahverkehr Werra-Mei\u00dfner GmbH<\/a><\/p>\n<p>4.) Landkreis Waldeck-Frankenberg<br \/>\n<a title=\"Energie Waldeck-Frankenberg\" href=\"https:\/\/www.ewf.de\/oepnv\/fahrplantickets\/\" target=\"_blank\" rel=\"noopener noreferrer\">Energie Waldeck-Frankenberg\/Bereich \u00d6PNV<br \/>\n<\/a><\/p>\n<p>5.) Schwalm-Eder-Kreis<br \/>\n<a title=\"Nahverkehr Schwalm-Eder\" href=\"http:\/\/www.n-s-e.de\" target=\"_blank\" rel=\"noopener noreferrer\">Nahverkehr Schwalm-Eder GmbH<\/a><\/p>\n<p>6.) Landkreis Hersfeld-Rotenburg<br \/>\n<a title=\"Landkreis Hersfeld-Rotenburg (LNO)\" href=\"https:\/\/www.hef-rof.de\/land-leute\/nahverkehr-oepnv\/nahverkehrsplaene\" target=\"_blank\" rel=\"noopener noreferrer\">Landkreis Hersfeld-Rotenburg (LNO)<\/a><\/p>\n<p>7.) Stadt Fulda<br \/>\n<a title=\"\u00dcWAG Verkehrs GmbH\" href=\"http:\/\/www.uewag.de\/nahverkehr\/fahrplaene\" target=\"_blank\" rel=\"noopener noreferrer\">\u00dcWAG-Verkehrs GmbH<\/a><\/p>\n<p>8.) Landkreis Fulda<br \/>\n<a title=\"Lokale Nahverkehrsgesellschaft (LNG) Fulda \" href=\"http:\/\/www.lng-fulda.de\" target=\"_blank\" rel=\"noopener noreferrer\">Lokale Nahverkehrsgesellschaft (LNG) Fulda mbH<\/a><\/p>\n<p>9.) Vogelsbergkreis<br \/>\n10.) Landkreis Gie\u00dfen<br \/>\n11.) Wetteraukreis<br \/>\n<a title=\"Verkehrsgesellschaft Oberhessen (VGO)\" href=\"http:\/\/www.vgo.de\" target=\"_blank\" rel=\"noopener noreferrer\">Verkehrsgesellschaft Oberhessen (VGO) mbH<\/a><\/p>\n<p>12.) Stadt Gie\u00dfen<a title=\"Stadtwerke Gie\u00dfen\" href=\"http:\/\/www.stadtwerke-giessen.de\/verkehr.html\" target=\"_blank\" rel=\"noopener noreferrer\"><br \/>\nStadtwerke Gie\u00dfen<\/a><\/p>\n<p>13.) Landkreis Marburg-Biedenkopf<br \/>\n<a title=\"Regionaler Nahverkehrsverband Marburg-Biedenkopf \" href=\"http:\/\/www.rnv.marburg-biedenkopf.de\" target=\"_blank\" rel=\"noopener noreferrer\">Regionaler Nahverkehrsverband Marburg-Biedenkopf mbH<\/a><\/p>\n<p>14.) Stadt Marburg<br \/>\n<a title=\"Stadtwerke Marburg\" href=\"http:\/\/stadtwerke-marburg.de\/stadtverkehr.html\" target=\"_blank\" rel=\"noopener noreferrer\">Stadtwerke Marburg<\/a><\/p>\n<p>15.) Lahn-Dill-Kreis<br \/>\n16.) Landkreis Limburg-Weilburg<br \/>\n<a title=\"Verkehrsgesellschaft Lahn-Dill-Weil (VLDW)\" href=\"http:\/\/www.vldw.de\" target=\"_blank\" rel=\"noopener noreferrer\">Verkehrsgesellschaft Lahn-Dill-Weil mbH (VLDW)<\/a><\/p>\n<p>17.) Stadt Wetzlar<br \/>\n<a title=\"Wetzlarer Verkehrsbetriebe\" href=\"http:\/\/www.wetzlarer-verkehrsbetriebe.de\" target=\"_blank\" rel=\"noopener noreferrer\">Wetzlarer Verkehrsbetriebe<\/a><\/p>\n<p>18.) Hochtaunuskreis<br \/>\n<a title=\"Verkehrsverband Hochtaunus\" href=\"http:\/\/www.verkehrsverband-hochtaunus.de\" target=\"_blank\" rel=\"noopener noreferrer\">Verkehrsverband Hochtaunus (VHT)<\/a><\/p>\n<p>19.) Stadt Bad Homburg<br \/>\n<a title=\"Stadtbus Bad Homburg\" href=\"https:\/\/www.bad-homburg.de\/leben-in-bad-homburg\/mobilitaet-verkehr\/bus-bahn\/Busse.php\" target=\"_blank\" rel=\"noopener noreferrer\">Stadtbus Bad Homburg (LNO)<br \/>\n<\/a><\/p>\n<p>20.) Rheingau-Taunus-Kreis<a title=\"Rheingau-Taunus-Verkehrsgesellschaft mbH\" href=\"https:\/\/www.rmv.de\/c\/de\/start\/rtv\" target=\"_blank\" rel=\"noopener noreferrer\"><br \/>\nRheingau-Taunus-Verkehrsgesellschaft mbH<\/a><\/p>\n<p>21.) Stadt Wiesbaden<br \/>\n<a title=\"ESWE-Verkehr GmbH\" href=\"http:\/\/www.eswe-verkehr.de\" target=\"_blank\" rel=\"noopener noreferrer\">ESWE-Verkehrsgesellschaft mbH<br \/>\n<\/a><\/p>\n<p>22.) Main-Taunus-Kreis<br \/>\n<a title=\"Main-Taunus-Verkehrsgesellschaft mbH\" href=\"http:\/\/www.mtv-web.de\" target=\"_blank\" rel=\"noopener noreferrer\">Main-Taunus-Verkehrsgesellschaft mbH (MTV)<\/a><\/p>\n<p>23.) Stadt Frankfurt<br \/>\n<a title=\"Verkehrsgesellschaft Frankfurt (VGF)\" href=\"http:\/\/www.vgf-ffm.de\" target=\"_blank\" rel=\"noopener noreferrer\">Verkehrsgesellschaft Frankfurt (VGF)<\/a><br \/>\n<a title=\"traffiQ\" href=\"http:\/\/www.traffiq.de\" target=\"_blank\" rel=\"noopener noreferrer\">traffiQ<\/a><\/p>\n<p>24.) Main-Kinzig-Kreis<br \/>\n<a title=\"KVG Main-Kinzig\" href=\"http:\/\/www.kvg-main-kinzig.de\" target=\"_blank\" rel=\"noopener noreferrer\">Kreisverkehrsgesellschaft Main-Kinzig mbH<\/a><\/p>\n<p>25.) Stadt Hanau<br \/>\n<a title=\"Hanauer Stra\u00dfenbahn GmbH\" href=\"http:\/\/www.hsb.de\" target=\"_blank\" rel=\"noopener noreferrer\">Hanauer Stra\u00dfenbahn GmbH<\/a> (nur Busse in Hanau)<\/p>\n<p>26.) Landkreis Offenbach<br \/>\n<a title=\"Kreisverkehrsgesellschaft Offenbach\" href=\"http:\/\/kvgof.de\" target=\"_blank\" rel=\"noopener noreferrer\">Kreisverkehrsgesellschaft Offenbach mbH<\/a><\/p>\n<p>27.) Stadt Offenbach<br \/>\n<a title=\"Nahverkehr in Offenbach\" href=\"http:\/\/www.nio-of.de\" target=\"_blank\" rel=\"noopener noreferrer\">Nahverkehr in Offenbach (NiO)<\/a><\/p>\n<p>28.) Landkreis Gro\u00df-Gerau<br \/>\n<a title=\"Lokale Nahverkehrsgesellschaft Gro\u00df-Gerau\" href=\"https:\/\/www.rmv.de\/c\/de\/start\/lnvg\/\" target=\"_blank\" rel=\"noopener noreferrer\">Lokale Nahverkehrsgesellschaft Gro\u00df-Gerau mbH<\/a><\/p>\n<p>29.) Stadt R\u00fcsselsheim<a title=\"Stadtwerke R\u00fcsselsheim\" href=\"http:\/\/www.stadtwerke-ruesselsheim.de\/cms\/Hauptnavigation\/Busverkehr\/Busverkehr_Sicher_und_bequem.html\" target=\"_blank\" rel=\"noopener noreferrer\"><br \/>\nStadtwerke R\u00fcsselsheim<\/a><\/p>\n<p>30.) Stadt Darmstadt<br \/>\n<a title=\"HEAG Mobilo\" href=\"http:\/\/www.heagmobilo.de\" target=\"_blank\" rel=\"noopener noreferrer\">HEAGMobilo<\/a><\/p>\n<p>31.) Landkreis Darmstadt-Dieburg<br \/>\n<a title=\"DADINA\" href=\"http:\/\/www.dadina.de\" target=\"_blank\" rel=\"noopener noreferrer\">DADINA (Darmstadt-Dieburger-Nahverkehrsorganisation)<\/a><\/p>\n<p>32.) Odenwaldkreis<br \/>\n<a title=\"Odenwald-Regional-Gesellschaft\" href=\"http:\/\/www.odenwaldmobil.de\" target=\"_blank\" rel=\"noopener noreferrer\">Odenwald-Regional-Gesellschaft mbH<\/a><\/p>\n<p>33.) Landkreis Bergstra\u00dfe<br \/>\nKeine eigene Lokale Nahverkehrsorganisation, der <a title=\"VRN\" href=\"http:\/\/www.vrn.de\">Verkehrsverbund Rhein-Neckar (VRN)<\/a> \u00fcbernimmt diese Aufgabe.<\/p>\n<p><strong>Zuordnung der Landkreise und St\u00e4dte \u00fcber 50.000 Einwohner (Sonderstatusst\u00e4dte, kreisfreie St\u00e4dte) zu den drei Verkehrsverb\u00fcnden in Hessen:<br \/>\n<\/strong><\/p>\n<p>Zum <strong>Nordhessischen Verkehrsverbund (NVV)<\/strong> geh\u00f6ren folgende Gebietsk\u00f6rperschaften:<br \/>\nLandkreis Kassel, Stadt Kassel, Landkreis Waldeck-Frankenberg, Schwalm-Eder-Kreis, Werra-Mei\u00dfner-Kreis, Landkreis Hersfeld-Rotenburg<\/p>\n<p>Zum <strong>Rhein-Main-Verkehrsverbund (RMV)<\/strong> geh\u00f6ren folgende Gebietsk\u00f6rperschaften:<br \/>\nStadt Fulda, Landkreis Fulda, Vogelsbergkreis, Wetteraukreis, Landkreis Gie\u00dfen, Stadt Gie\u00dfen, Landkreis Marburg-Biedenkopf, Stadt Marburg, Lahn-Dill-Kreis, Landkreis Limburg-Weilburg, Stadt Wetzlar, Hochtaunuskreis, Stadt Bad Homburg, Rheingau-Taunus-Kreis, Stadt Wiesbaden, Main-Taunus-Kreis, Stadt Frankfurt, Main-Kinzig-Kreis, Stadt Hanau, Landkreis Offenbach, Stadt Offenbach, Landkreis Gro\u00df-Gerau, Stadt R\u00fcsselsheim, Landkreis Darmstadt-Dieburg, Stadt Darmstadt, Odenwaldkreis<\/p>\n<p>Zum <strong>Verkehrsverbund Rhein-Neckar (VRN)<\/strong> geh\u00f6rt:<br \/>\nLandkreis Bergstra\u00dfe<\/p>\n<p>&#8212;&#8212;&#8212;&#8212;&#8212;&#8212;&#8211;<\/p>\n<p>Hinweis bei den Internetseiten\/Links zum Haftungsausschluss:<br \/>\nMit Urteil vom 12. Mai 1998 hat das Landgericht Hamburg entschieden, dass man durch die Ausbringung eines Links die Inhalte der gelinkten Seite ggf. mit zu verantworten hat. Dies kann \u2013 so das LG \u2013 nur dadurch verhindert werden, dass man sich ausdr\u00fccklich von diesen Inhalten distanziert. F\u00fcr all diese externen Links gilt, dass wir keinerlei Einfluss auf die Gestaltung und die Inhalte der gelinkten Seiten haben. Deshalb distanzieren wir uns hiermit ausdr\u00fccklich von allen Inhalten aller von hier aus gelinkten Internetseiten.<\/p>\n","protected":false},"excerpt":{"rendered":"<p>Verkehrsverb\u00fcnde in Hessen f\u00fcr regionalen Personennahverkehr (Nahverkehrsz\u00fcge, S-Bahn): Nordhessischer Verkehrsverbund (NVV) Rhein-Main-Verkehrsverbund (RMV) Verkehrsverbund Rhein-Neckar (VRN) Lokale Nahverkehrsorganisationen (LNO) bzw. Verkehrstr\u00e4ger f\u00fcr Bus bzw. Stra\u00dfen- und U-Bahn im Auftrag der Kommunen \u00fcber 50.000 Einwohner (kreisfreie St\u00e4dte und Sonderstatusst\u00e4dte) bzw. der &hellip; <a href=\"https:\/\/pro-bahn-hessen.de\/?page_id=430\">Weiterlesen <span class=\"meta-nav\">&rarr;<\/span><\/a><\/p>\n","protected":false},"author":1,"featured_media":0,"parent":401,"menu_order":1,"comment_status":"open","ping_status":"open","template":"","meta":{"footnotes":""},"_links":{"self":[{"href":"https:\/\/pro-bahn-hessen.de\/index.php?rest_route=\/wp\/v2\/pages\/430"}],"collection":[{"href":"https:\/\/pro-bahn-hessen.de\/index.php?rest_route=\/wp\/v2\/pages"}],"about":[{"href":"https:\/\/pro-bahn-hessen.de\/index.php?rest_route=\/wp\/v2\/types\/page"}],"author":[{"embeddable":true,"href":"https:\/\/pro-bahn-hessen.de\/index.php?rest_route=\/wp\/v2\/users\/1"}],"replies":[{"embeddable":true,"href":"https:\/\/pro-bahn-hessen.de\/index.php?rest_route=%2Fwp%2Fv2%2Fcomments&post=430"}],"version-history":[{"count":32,"href":"https:\/\/pro-bahn-hessen.de\/index.php?rest_route=\/wp\/v2\/pages\/430\/revisions"}],"predecessor-version":[{"id":7154,"href":"https:\/\/pro-bahn-hessen.de\/index.php?rest_route=\/wp\/v2\/pages\/430\/revisions\/7154"}],"up":[{"embeddable":true,"href":"https:\/\/pro-bahn-hessen.de\/index.php?rest_route=\/wp\/v2\/pages\/401"}],"wp:attachment":[{"href":"https:\/\/pro-bahn-hessen.de\/index.php?rest_route=%2Fwp%2Fv2%2Fmedia&parent=430"}],"curies":[{"name":"wp","href":"https:\/\/api.w.org\/{rel}","templated":true}]}}