{"id":466,"date":"2013-05-20T13:17:46","date_gmt":"2013-05-20T11:17:46","guid":{"rendered":"http:\/\/pro-bahn-hessen.de\/?page_id=466"},"modified":"2022-06-04T16:27:01","modified_gmt":"2022-06-04T14:27:01","slug":"4-bahnunternehmen-in-hessen","status":"publish","type":"page","link":"https:\/\/pro-bahn-hessen.de\/?page_id=466","title":{"rendered":"Bahnunternehmen in Hessen"},"content":{"rendered":"<p>Insgesamt 12 Bahnunternehmen oder Tochterunternehmen gr\u00f6\u00dferer Bahnunternehmen f\u00fchren im Bundesland Hessen Schienenpersonennahverkehrsleistungen (SPNV-Leistungen) durch bzw. werden diese durchf\u00fchren. Die einzelnen Unternehmen sind hier genannt. Weiter unten steht eine &#8222;Gesamtliste aller SPNV-Liien, geordnet nach Bahnunternehmen.<\/p>\n<p><strong>A) <span style=\"text-decoration: underline;\">Schienen<\/span>p<span style=\"text-decoration: underline;\">ersonenfernverkehr<\/span><\/strong><br \/>\n<a title=\"Deutsche Bahn\" href=\"http:\/\/www.bahn.de\" target=\"_blank\" rel=\"noopener noreferrer\"><br \/>\n<strong>Deutsche Bahn AG<\/strong><\/a> (DB-Fernverkehr) &#8211; (DB)<\/p>\n<p><strong><a href=\"https:\/\/www.flixtrain.de\/\" target=\"_blank\" rel=\"noopener noreferrer\">Flixtrain \/ FlixMobility<\/a><\/strong><\/p>\n<p><strong>B) <span style=\"text-decoration: underline;\">Schienen<\/span>p<span style=\"text-decoration: underline;\">ersonennahverkehr<\/span><\/strong><\/p>\n<p><a title=\"Hessische Landesbahn (HLB)\" href=\"http:\/\/www.hlb-online.de\" target=\"_blank\" rel=\"noopener noreferrer\"><span style=\"color: #3366ff;\"><strong>Hessische Landesbahn (HLB)<\/strong><\/span><\/a> (Eigent\u00fcmer: Bundesland Hessen)<\/p>\n<p><strong><a href=\"https:\/\/www.dbregio.de\/db_regio\/view\/index.shtml\" target=\"_blank\" rel=\"noopener noreferrer\">DB Regio Mitte (Unternehmen des DB Konzerns)<\/a><\/strong><\/p>\n<p><strong><a title=\"Cantus\" href=\"http:\/\/www.cantus-bahn.de\" target=\"_blank\" rel=\"noopener noreferrer\">Cantus Verkehrsgesellschaft mbH<\/a><\/strong> (gemeinsames Unternehmen der HLB und der <a title=\"BeNEX\" href=\"http:\/\/www.benex.de\/\" target=\"_blank\" rel=\"noopener noreferrer\">BeNEX<\/a> d.h. <a title=\"Hamburger Hochbahn\" href=\"https:\/\/www.hochbahn.de\/hochbahn\/hamburg\/de\/\" target=\"_blank\" rel=\"noopener noreferrer\">Hamburger Hochbahn<\/a>)<\/p>\n<p><strong><a title=\"Abellio Rail Mitteldeutschland\" href=\"https:\/\/www.abellio.de\/de\/mitteldeutschland\" target=\"_blank\" rel=\"noopener noreferrer\">Abellio Rail Mitteldeutschland<\/a><\/strong> (Tochter von <a title=\"Abellio Rail\" href=\"https:\/\/www.abellio.de\/de\/abellio-deutschland\" target=\"_blank\" rel=\"noopener noreferrer\">Abellio Rail<\/a> GmbH &#8211; d.h. Abellio Transport Holding \/ Nederlandse Spoortwegen d.h. Niederl\u00e4ndische Staatsbahn)<\/p>\n<p><strong><a title=\"NordWestBahn\" href=\"https:\/\/www.nordwestbahn.de\/\" target=\"_blank\" rel=\"noopener noreferrer\">NordWestBahn GmbH<\/a> <\/strong>(Tochterunternehmen von <a title=\"Transdev\" href=\"https:\/\/www.transdev.de\/\" target=\"_blank\" rel=\"noopener noreferrer\">Transdev<\/a> \/ Verkehrsunternehmen mit Hauptsitz in Frankreich)<\/p>\n<p><strong><a title=\"Kurhessenbahn\" href=\"http:\/\/www.kurhessenbahn.de\/kurhessenbahn\/view\/index.shtml\" target=\"_blank\" rel=\"noopener noreferrer\">Kurhessenbahn<\/a><\/strong> (Tochterunternehmen der DB)<\/p>\n<p><strong><a title=\"Regioalbahn Kassel\" href=\"http:\/\/www.regionalbahn-kassel.de\/\" target=\"_blank\" rel=\"noopener noreferrer\">Regionalbahn Kassel<\/a> <\/strong>(Betreiber der RegioTram Kassel \/ Tochternunternehmen je zur H\u00e4lfte HLB und <a title=\"Kasseler Verkehrsgesellschaft\" href=\"https:\/\/www.hochbahn.de\/hochbahn\/hamburg\/de\/\" target=\"_blank\" rel=\"noopener noreferrer\">Kasseler Verkehrsgesellschaft<\/a> \/ KVG)<br \/>\n<a title=\"Abellio Rail NRW GmbH\" href=\"https:\/\/www.abellio.de\/de\/nordrhein-westfalen\" target=\"_blank\" rel=\"noopener noreferrer\"><br \/>\n<strong>Abellio Rail NRW GmbH<\/strong><\/a> (Tochter von <a title=\"Abellio Rail\" href=\"https:\/\/www.abellio.de\/de\/abellio-deutschland\" target=\"_blank\" rel=\"noopener noreferrer\">Abellio Rail<\/a> GmbH &#8211; d.h. Abellio Transport Holding \/ Nederlandse Spoortwegen d.h. Niederl\u00e4ndische Staatsbahn)<\/p>\n<p><strong><a title=\"ViAS GmbH\" href=\"http:\/\/vias-online.de\" target=\"_blank\" rel=\"noopener noreferrer\">VIAS GmbH<\/a> <\/strong>(Anteilseigener sind: <a title=\"Rurtalbahn GmbH\" href=\"http:\/\/www.rurtalbahn.de\/\" target=\"_blank\" rel=\"noopener noreferrer\">Rurtalbahn<\/a> GmbH und D\u00e4nische Staatsbahn)<\/p>\n<p><strong><a title=\"Vlexx GmbH (Vier-L\u00e4nder-Express)\" href=\"http:\/\/www.vlexx.de\/ueber-uns\/vlexx-gmbh\/\" target=\"_blank\" rel=\"noopener noreferrer\">Vlexx GmbH (Vier-L\u00e4nder-Express) <\/a><\/strong> (Tochterunternehmen der <a title=\"Regentalbahn AG\" href=\"http:\/\/www.laenderbahn.com\/\" target=\"_blank\" rel=\"noopener noreferrer\">Regentalbahn AG<\/a> \/ zugeh\u00f6rig zur Italienischen Staatsbahn)<\/p>\n<p><strong><a title=\"Westfrankenbahn\" href=\"http:\/\/www.westfrankenbahn.de\/westfrankenbahn\/view\/index.shtml\" target=\"_blank\" rel=\"noopener noreferrer\">Westfrankenbahn<\/a><\/strong> (Tochterunternehmen der DB)<\/p>\n<p><strong>C) <span style=\"text-decoration: underline;\">Zuordnun<\/span>g<span style=\"text-decoration: underline;\"> der Schienennahverkehrslinien zu den Unternehmen:<\/span><\/strong><\/p>\n<p><em><strong>1.) S-Bahn Rhein-Main (Deutsche Bahn AG\/DB Regio)<\/strong><\/em><\/p>\n<p>S 1 Wiesbaden-Frankfurt-Offenbach-Ober Roden<br \/>\nS 2 Niedernhausen-Frankfurt-Offenbach-Dietzenbach<br \/>\nS 3 Bad Soden\/Taunus-Frankfurt-Langen-Darmstadt<br \/>\nS 4 Kronberg-Frankfurt-Langen<br \/>\nS 5 Friedrichsdorf-Bad Homburg-Frankfurt\/S\u00fcd<br \/>\nS 6 Friedberg-Karben-Frankfurt\/S\u00fcd<br \/>\nS 7 Frankfurt-Riedstadt\/Goddelau<br \/>\nS 8 Wiesbaden-Mainz-Frankfurt-Offenbach-Hanau<br \/>\nS 9 Wiesbaden-Mainz\/Kastel-Frankfurt-Offenbach-Hanau<\/p>\n<p><em><strong>2.) Hessische Landesbahn (HLB)<\/strong><\/em><\/p>\n<p>RB 11 (RMV) Sodener Bahn:\u00a0 Frankfurt\/H\u00f6chst-Bad Soden\/Taunus<br \/>\nRB 12 Frankfurt-K\u00f6nigsteiner Eisenbahn: Frankfurt-K\u00f6nigstein\/Taunus<br \/>\nRB 15 Taunusbahn \/(Frankfurt-)Bad Homburg-Brandoberndorf<br \/>\nRB 16 Friedberg-Friedrichsdorf<br \/>\nRB 21 L\u00e4ndchesbahn:(Limburg-)Niedernhausen-Wiesbaden<br \/>\nRB 29 Unterwesterwaldbahn: Limburg-Montabaur-Siershahn<br \/>\nRB 45 Lahntalbahn (Regionalbahn) Limburg-Wetzlar-Gie\u00dfen<br \/>\nsowie Vogelsbergbahn &#8211; Gie\u00dfen-Fulda<br \/>\nRB 46 Lahn-Kinzig-Bahn: Gie\u00dfen-Gelnhausen<br \/>\nRB 47 Horlofftalbahn: Friedberg-W\u00f6lfersheim<br \/>\nRB 48 Horlofftalbahn: Friedberg-Nidda<br \/>\nRB 52 Rh\u00f6nbahn \/ Fulda-Gersfeld<br \/>\nRB 58 Frankfurt-Maintal-Hanau-Aschaffenburg-Laufach<br \/>\nRE 59 Frankfurt Flughafen Regiobhf.-Frankfurt\/S\u00fcd-Offenbach-Hanau<br \/>\nRB 75 Wiesbaden-Mainz-Darmstadt-Aschaffenburg<br \/>\nRB 90 Oberwesterwaldbahn: Limburg-Westerburg-Au (Sieg) (-Siegen)<br \/>\nRB 95 Sieg-Dill-Bahn \/ Dillenburg-Siegen (-Betzdorf-Au\/Sieg)<br \/>\nRB 96 Hellertalbahn: Dillenburg-Haiger-Betzdorf<br \/>\nRE 98 Main-Lahn-Sieg-Ecpress \/ Frankfurt-Gie\u00dfen-Marburg-Treysa-Kassel<br \/>\nRE 99 Main-Lahn-Sieg-Express \/ Frankfurt-Gie\u00dfen-Wetzlar-Dillenburg-Siegen<\/p>\n<p><em><strong>3.) Deutsche Bahn AG (DB-Regio ( au\u00dfer S-Bahn)<\/strong><\/em><\/p>\n<p>RE 2 (RMV) Frankfurt-R\u00fcsselsheim-Mainz-Bingen-Koblenz (in Rheinland-Pfalz-Design)<br \/>\nRE 2 (NVV) Kassel\/Wilhelmsh\u00f6he-Hann.M\u00fcnden-Eichenberg-Leinefelde-Erfurt<br \/>\nRE 4 (RMV) Frankfurt-Ffm\/H\u00f6chst-Hochheim-Mainz (-Ludwigshafen-Karlsruhe) (in Rheinland-Pfalz-Design)<br \/>\nRE 14 Frankfurt-Ffm\/H\u00f6chst-Hochheim-Mainz-Ludwigshafen-Mannheim (in Rheinland-Pfalz-Design)<br \/>\nRE 17 Obere Ruhrtalbahn: Kassel\/Wilhelmsh\u00f6he-Hofgeismar-Warburg-Brilon-Hagen<br \/>\nRE 20 Main-Lahn-Bahn\/Taunusstrecke: Frankfurt-Niedernhausen-Limburg<br \/>\nRB 22 Main-Lahn-Bahn\/Taunusstrecke: Frankfurt-Niedernhausen-Limburg<br \/>\nRB 23 Lahn-Eifel-Bahn: Limburg-Bad Ems-Koblenz-Andernach-Mayen Ost<br \/>\nRE 25 Lahntalbahn: Gie\u00dfen-Wetzlar-Weilburg-Limburg-Bad Ems-Koblenz<br \/>\nRE 30 Main-Weser-Bahn: Frankfurt-Gie\u00dfen-Marburg-Kassel<br \/>\nRB 34 Niddertalbahn: (Frankfurt-)Bad Vilbel-Stockheim<br \/>\nRB 40 Mittelhessen-Express: Frankfurt-Gie\u00dfen-Wetzlar-Dillenburg<br \/>\nRB 41 Mittelhessen-Express: Frankfurt-Gie0en-Marburg-Stadtallendorf(-Treysa)<br \/>\nRB 49 Mittelhessen-Express: Gie\u00dfen-Friedberg-Hanau<br \/>\nRE 50 Kinzigtalbahn: Frankfurt-Hanau-Gelnhausen-W\u00e4chtersbach-Fulda<br \/>\nRB 51 Kinzigtalbahn: Frankfurt-Hanau-Gelnhausen-W\u00e4chtersbach<br \/>\nRB 53 Fulda-Main-Bahn: Schl\u00fcchtern-Gem\u00fcnden\/Main-W\u00fcrzburg<br \/>\nRE 54 Frankfurt-Maintal-Hanau-Aschaffenburg-Lohr\/Main-W\u00fcrzburg-Schweinfurt-Bamberg<br \/>\nRE 55 Frankfurt-Offenbach-Hanau-Aschaffenburg-Lohr\/Main-W\u00fcrzburg-Schweinfurt-Bamberg<br \/>\nRE 60 Main-Neckar-Bahn: Frankfurt-Darmstadt-Bensheim-Mannheim<br \/>\nRB 61 Dreieichbahn: (Frankfurt-)Dreieich\/Buchschlag-Ober Roden-Dieburg<br \/>\nRB 62 Worms-Bibis<br \/>\nRB 63 Nibelungenbahn: Worms-B\u00fcrstadt-Bensheim<br \/>\nRB 67 Main-Neckar-Bahn: Frankfurt-Darmstadt-Bensheim-Mannheim<br \/>\nRB 68 Main-Neckar-Bahn: Frankfurt-Darmstadt-Heidelberg<br \/>\nRB 69 Weschnitztalbahn: Weinheim-F\u00fcrth (Odenwald)<br \/>\nRE 70 Riedbahn: Frankfurt-Mannheim<\/p>\n<p><em><strong>4.) VIAS GmbH<\/strong><\/em><\/p>\n<p>RE 9 Rheingaulinie: Frankfurt-Ffm\/H\u00f6chst-Eltville (ohne Halt in Wiesbaden Hbf.)<br \/>\nRB 10 Rheingaulinie: Frankfurt-Ffm\/H\u00f6chst-Wiesbaden-Kaub(-Koblenz-Neuwied)<br \/>\nRB 66 Pfungstadtbahn \/ Darmstadt-Pfungstadt<br \/>\nRE 80 Odenwaldbahn: Darmstadt-Reinheim-Wiebelsbach-Erbach<br \/>\nRB 81 Odenwaldbahn: Darmstadt-Reinheim-Wiebelsbach-Erbach-Eberbach<br \/>\nRB 82 Odenwaldbahn: Frankfurt-Reinheim-Wiebelsbach-Erbach-Eberbach<br \/>\nRE 85 (RMV) Odenwaldbahn: Frankfurt-Offenbach-Hanau-Babenhausen-Wiebelsbach-Erbach<br \/>\nRB 86 Odenwaldbahn: Hanau-Babenhausen-Wiebelsbach<\/p>\n<p><em><strong>5.) Cantus GmbH<\/strong><\/em><\/p>\n<p>RB 5 Kassel-Bebra-Fulda<br \/>\nRB 6 Bebra-Eisenach<br \/>\nRB 7 G\u00f6ttingen-Eichenberg-Bebra(-Fulda)<br \/>\nRB 8 Kassel-Hann.M\u00fcnden-Eichenberg-G\u00f6ttingen<\/p>\n<p><em><strong>6.) Kurhessenbahn<br \/>\n<\/strong><\/em><\/p>\n<p>RB 4 (NVV) Kassel-Wolfhagen-Korbach<br \/>\nRB 38 Kassel-Wabern-Treysa (Verst\u00e4rkerz\u00fcge Main-Weser-Bahn)<br \/>\nRB 39 Kassel-Wabern-Bad Wildungen<br \/>\nRB 42 Burgwaldbahn\/Edertalbahn\/Uplandbahn: Marburg-Frankenberg-Korbach-Brilon\/Wald<br \/>\nRB 94 Obere Lahntalbahn: Marburg-Biedenkopf-Erndtebr\u00fcck<\/p>\n<p><em><strong>7.) Regionalbahn Kassel \/ Regiotram Kassel<br \/>\n<\/strong><\/em><\/p>\n<p>RT 1 Kassel-Hofgeismar<br \/>\nRT 4 Kassel-Wolfhagen<br \/>\nRT 5 Kassel-Melsungen<\/p>\n<p><strong><em>8.) Abellio Rail NRW<\/em> (AB DEEZEMBER 2018)<\/strong><\/p>\n<p>RE 11 (NVV) Rhein-Hellweg-Express: Kassel-Warburg-Paderborn-Ruhrgebiet-D\u00fcsseldorf<\/p>\n<p><em><strong>9.) Abellio Rail Mitteldeutschland<\/strong><\/em><\/p>\n<p>RE 9 Kassel\/Wilhelmsh\u00f6he-Hann.M\u00fcnden-Eichenberg-Leinefelde-Sangerhausen-Eisleben-Halle (Saale)-Bitterfeld<\/p>\n<p><em><strong>10.) NordWestBahn<\/strong><\/em><\/p>\n<p>RB 85 Ottbergen-Bad Karlshafen-G\u00f6ttingen<\/p>\n<p><em><strong>11.) VIAS GmbH<\/strong><\/em><\/p>\n<p>RB 10 Rheingaulinie: Frankfurt-Wiesbaden-Kaub(-Koblenz-Neuwied)<br \/>\nRB 66 Pfungstadtbahn \/ Darmstadt-Pfungstadt<br \/>\nRE 80 Odenwaldbahn: Darmstadt-Reinheim-Wiebelsbach-Erbach<br \/>\nRB 81 Odenwaldbahn: Darmstadt-Reinheim-Wiebelsbach-Erbach-Eberbach<br \/>\nRB 82 Odenwaldbahn: Frankfurt-Reinheim-Wiebelsbach-Erbach-Eberbach<br \/>\nRE 85 (RMV) Odenwaldbahn: Frankfurt-Offenbach-Hanau-Babenhausen-Wiebelsbach-Erbach<br \/>\nRB 86 Odenwaldbahn: Hanau-Babenhausen-Wiebelsbach<\/p>\n<p><em><strong>12.) VLEXX GmbH<\/strong><\/em><\/p>\n<p>RE 3 (RMV) Frankfurt-R\u00fcsselsheim-Mainz-Bad Kreuznach-Idar-Oberstein-Saarbr\u00fccken<br \/>\nRE 13 Frankfurt-R\u00fcsselsheim-Mainz-Alzey-Kirchheimbolanden<br \/>\nRB 31 Frankfurt-R\u00fcsselsheim-Mainz-Alzey-Kirchheimbolanden<br \/>\nRB 33 Frankfurt-R\u00fcsselsheim-Mainz-Bad Kreuznach-Idar Oberstein<\/p>\n<p><em><strong>13.) Westfrankenbahn<\/strong><\/em><\/p>\n<p>RB 56 Kahlgrundbahn: Hanau-Kahl\/Main-Alzenau-Sch\u00f6llkrippen<\/p>\n<p>&#8212;&#8212;&#8212;&#8212;&#8212;&#8212;-<br \/>\nHinweis bei den Internetseiten\/Links zum Haftungsausschluss:<br \/>\nMit Urteil vom 12. Mai 1998 hat das Landgericht Hamburg entschieden, dass man durch die Ausbringung eines Links die Inhalte der gelinkten Seite ggf. mit zu verantworten hat. Dies kann \u2013 so das LG \u2013 nur dadurch verhindert werden, dass man sich ausdr\u00fccklich von diesen Inhalten distanziert. F\u00fcr all diese externen Links gilt, dass wir keinerlei Einfluss auf die Gestaltung und die Inhalte der gelinkten Seiten haben. Deshalb distanzieren wir uns hiermit ausdr\u00fccklich von allen Inhalten aller von hier aus gelinkten Internetseiten.<\/p>\n","protected":false},"excerpt":{"rendered":"<p>Insgesamt 12 Bahnunternehmen oder Tochterunternehmen gr\u00f6\u00dferer Bahnunternehmen f\u00fchren im Bundesland Hessen Schienenpersonennahverkehrsleistungen (SPNV-Leistungen) durch bzw. werden diese durchf\u00fchren. Die einzelnen Unternehmen sind hier genannt. Weiter unten steht eine &#8222;Gesamtliste aller SPNV-Liien, geordnet nach Bahnunternehmen. A) Schienenpersonenfernverkehr Deutsche Bahn AG (DB-Fernverkehr) &hellip; <a href=\"https:\/\/pro-bahn-hessen.de\/?page_id=466\">Weiterlesen <span class=\"meta-nav\">&rarr;<\/span><\/a><\/p>\n","protected":false},"author":1,"featured_media":0,"parent":401,"menu_order":2,"comment_status":"closed","ping_status":"open","template":"","meta":{"footnotes":""},"_links":{"self":[{"href":"https:\/\/pro-bahn-hessen.de\/index.php?rest_route=\/wp\/v2\/pages\/466"}],"collection":[{"href":"https:\/\/pro-bahn-hessen.de\/index.php?rest_route=\/wp\/v2\/pages"}],"about":[{"href":"https:\/\/pro-bahn-hessen.de\/index.php?rest_route=\/wp\/v2\/types\/page"}],"author":[{"embeddable":true,"href":"https:\/\/pro-bahn-hessen.de\/index.php?rest_route=\/wp\/v2\/users\/1"}],"replies":[{"embeddable":true,"href":"https:\/\/pro-bahn-hessen.de\/index.php?rest_route=%2Fwp%2Fv2%2Fcomments&post=466"}],"version-history":[{"count":77,"href":"https:\/\/pro-bahn-hessen.de\/index.php?rest_route=\/wp\/v2\/pages\/466\/revisions"}],"predecessor-version":[{"id":8448,"href":"https:\/\/pro-bahn-hessen.de\/index.php?rest_route=\/wp\/v2\/pages\/466\/revisions\/8448"}],"up":[{"embeddable":true,"href":"https:\/\/pro-bahn-hessen.de\/index.php?rest_route=\/wp\/v2\/pages\/401"}],"wp:attachment":[{"href":"https:\/\/pro-bahn-hessen.de\/index.php?rest_route=%2Fwp%2Fv2%2Fmedia&parent=466"}],"curies":[{"name":"wp","href":"https:\/\/api.w.org\/{rel}","templated":true}]}}