{"id":4855,"date":"2017-11-01T02:42:43","date_gmt":"2017-11-01T00:42:43","guid":{"rendered":"http:\/\/pro-bahn-hessen.de\/?page_id=4855"},"modified":"2023-11-12T07:09:12","modified_gmt":"2023-11-12T06:09:12","slug":"fahrgastanfragen","status":"publish","type":"page","link":"https:\/\/pro-bahn-hessen.de\/?page_id=4855","title":{"rendered":"Fahrgastanliegen"},"content":{"rendered":"<p><strong>Wir treten mit Ihnen in den FAHRGASTDIALOG<\/strong><br \/>\n<strong>Schreiben Sie uns Ihre Kommentare, Fragen und Erlebnisse<\/strong><\/p>\n<p><strong>fahrgastproblem@pro-bahn-hessen.de<\/strong><\/p>\n<p><a href=\"http:\/\/pro-bahn-hessen.de\/wp-content\/uploads\/2017\/11\/20171003_124852-zugeschnitten-unkenntlich.jpg\"><img loading=\"lazy\" decoding=\"async\" class=\"aligncenter size-medium wp-image-4937\" src=\"http:\/\/pro-bahn-hessen.de\/wp-content\/uploads\/2017\/11\/20171003_124852-zugeschnitten-unkenntlich-300x218.jpg\" alt=\"20171003_124852 zugeschnitten unkenntlich\" width=\"300\" height=\"218\" srcset=\"https:\/\/pro-bahn-hessen.de\/wp-content\/uploads\/2017\/11\/20171003_124852-zugeschnitten-unkenntlich-300x218.jpg 300w, https:\/\/pro-bahn-hessen.de\/wp-content\/uploads\/2017\/11\/20171003_124852-zugeschnitten-unkenntlich-1024x744.jpg 1024w\" sizes=\"(max-width: 300px) 100vw, 300px\" \/><\/a><\/p>\n<p>Sind Sie in Hessen und dem angrenzenden Gebiet unterwegs und Ihnen sind Schwachpunkte im \u00f6ffentlichen Personennah- und -fernverkehr aufgefallen? Sind Ihnen bei Ihrer Fahrt mit der Bahn oder dem Bus unerwartete Fehlleistungen widerfahren? Oder haben Sie irgendwo ein Angebot kennengelernt, das Ihnen nachahmenswert erscheint? Haben Sie Vorschl\u00e4ge, wie Missst\u00e4nde vor Ort aber auch \u00fcberregional beseitigt werden k\u00f6nnen, wie die Verkehrswende gelingt?<\/p>\n<p><strong>Die beste M\u00f6glichkeit: Schreiben Sie uns Ihre Kommentare und Beobachtungen.\u00a0 Entweder per Mail oder auf dem Briefpostweg. <\/strong>Wir k\u00f6nnen sie in unserer Arbeit f\u00fcr die Verbesserungen Ihrer Situation als Fahrg\u00e4ste von Bahn und Bus gut gebrauchen, denn Missst\u00e4nde, die sich an Beispielen belegen lassen, wiegen schwerer als pauschale Kritik. Und Anregungen sind nat\u00fcrlich auch immer willkommen.<\/p>\n<p>Der beste Weg &#8211; die idealste L\u00f6sung &#8211; Schreiben Sie uns eine Mail \u2013 schildern Sie den Sachverhalt &#8211; an<\/p>\n<p><strong>fahrgastproblem@pro-bahn-hessen.de<\/strong><\/p>\n<p>Dies ist eine zentrale Mailadresse, eine Kontaktebene, welche &#8222;extra&#8220; f\u00fcr Fahrg\u00e4ste und ihre Anliegen bei PRO BAHN Hessen eingerichtet wurde.<br \/>\n&#8212;&#8212;&#8211;<br \/>\nOder nehmen Sie bei Sachverhalten, wozu wir Ihnen voraussichtlich gleich eine kurze Antwort geben k\u00f6nnen, telefonischen Kontakt mit uns auf. Die g\u00e4ngige Kontaktzeit ist Montag bis Freitag von 16:00 Uhr bis 18:00 Uhr.\u00a0 Die Leistung wird ehrenamtlich erbracht und gerade in den anderen Zeiten kann es sein, dass nicht sofort jemand an das Telefon gehen kann. Die Telefonnummer steht hier in unseren Kontaktdaten.<\/p>\n<p>Postfach 11 14 16<br \/>\n60049 Frankfurt am Main<br \/>\nTel. +49(0)69 244372266<br \/>\nFax +49(0)69 90019793<\/p>\n<p><a href=\"http:\/\/pro-bahn-hessen.de\/wp-content\/uploads\/2017\/11\/20171016_173603-unkenntlich.jpg\"><img loading=\"lazy\" decoding=\"async\" class=\"aligncenter size-medium wp-image-4939\" src=\"http:\/\/pro-bahn-hessen.de\/wp-content\/uploads\/2017\/11\/20171016_173603-unkenntlich-300x168.jpg\" alt=\"20171016_173603 unkenntlich\" width=\"300\" height=\"168\" srcset=\"https:\/\/pro-bahn-hessen.de\/wp-content\/uploads\/2017\/11\/20171016_173603-unkenntlich-300x168.jpg 300w, https:\/\/pro-bahn-hessen.de\/wp-content\/uploads\/2017\/11\/20171016_173603-unkenntlich-1024x576.jpg 1024w\" sizes=\"(max-width: 300px) 100vw, 300px\" \/><\/a><\/p>\n<p>Wir rufen zur\u00fcck oder schreiben Ihnen, wenn Sie uns auf den Anrufbeantworter sprechen und uns Ihre Kontaktdaten hinterlassen.<\/p>\n<p>Haben Sie Fragen und Anregungen, welche bundesweite Relevanz haben, so empfehlen wir die Seite &#8222;Kummerkasten \/ <a title=\"Kummerkasten\/Ihre Meinung ist gefragt\" href=\"https:\/\/www.pro-bahn.de\/meinung\/\" target=\"_blank\" rel=\"noopener noreferrer\">Ihre Meinung ist gefragt&#8220; des Bundesverbandes<\/a>.<\/p>\n<p>Wir sind ein anerkannter gemeinn\u00fctziger Verbraucherverband, in dem Sinne werden wir Ihr Anliegen empfangen, soweit uns irgend m\u00f6glich weiter bearbeiten und gegen\u00fcber der Verantwortung tragenden Stelle einbringen. Eingaben von PRO BAHN Mitgliedern werden bevorzugt behandelt. Ihre Eingabe wird in einer Datenbank abgespeichert, es gelten die Regeln des Datenschutzes.<\/p>\n<p><span style=\"text-decoration: underline;\">Anmerkun<\/span>g<span style=\"text-decoration: underline;\">:<\/span> Rechtsrat d\u00fcrfen wir Ihnen in Ihrem Einzelfall nicht erteilen, wenn Sie kein Mitglied bei PRO BAHN sind. Die Rechtsberatung ist vom gesetzlicher Seite Sache der zugelassenen Rechtsanw\u00e4lte.<\/p>\n","protected":false},"excerpt":{"rendered":"<p>Wir treten mit Ihnen in den FAHRGASTDIALOG Schreiben Sie uns Ihre Kommentare, Fragen und Erlebnisse fahrgastproblem@pro-bahn-hessen.de Sind Sie in Hessen und dem angrenzenden Gebiet unterwegs und Ihnen sind Schwachpunkte im \u00f6ffentlichen Personennah- und -fernverkehr aufgefallen? Sind Ihnen bei Ihrer Fahrt &hellip; <a href=\"https:\/\/pro-bahn-hessen.de\/?page_id=4855\">Weiterlesen <span class=\"meta-nav\">&rarr;<\/span><\/a><\/p>\n","protected":false},"author":1,"featured_media":0,"parent":0,"menu_order":6,"comment_status":"closed","ping_status":"open","template":"","meta":{"footnotes":""},"_links":{"self":[{"href":"https:\/\/pro-bahn-hessen.de\/index.php?rest_route=\/wp\/v2\/pages\/4855"}],"collection":[{"href":"https:\/\/pro-bahn-hessen.de\/index.php?rest_route=\/wp\/v2\/pages"}],"about":[{"href":"https:\/\/pro-bahn-hessen.de\/index.php?rest_route=\/wp\/v2\/types\/page"}],"author":[{"embeddable":true,"href":"https:\/\/pro-bahn-hessen.de\/index.php?rest_route=\/wp\/v2\/users\/1"}],"replies":[{"embeddable":true,"href":"https:\/\/pro-bahn-hessen.de\/index.php?rest_route=%2Fwp%2Fv2%2Fcomments&post=4855"}],"version-history":[{"count":19,"href":"https:\/\/pro-bahn-hessen.de\/index.php?rest_route=\/wp\/v2\/pages\/4855\/revisions"}],"predecessor-version":[{"id":9039,"href":"https:\/\/pro-bahn-hessen.de\/index.php?rest_route=\/wp\/v2\/pages\/4855\/revisions\/9039"}],"wp:attachment":[{"href":"https:\/\/pro-bahn-hessen.de\/index.php?rest_route=%2Fwp%2Fv2%2Fmedia&parent=4855"}],"curies":[{"name":"wp","href":"https:\/\/api.w.org\/{rel}","templated":true}]}}