{"id":5554,"date":"2018-06-10T16:14:58","date_gmt":"2018-06-10T14:14:58","guid":{"rendered":"https:\/\/pro-bahn-hessen.de\/?page_id=5554"},"modified":"2025-09-29T23:45:53","modified_gmt":"2025-09-29T21:45:53","slug":"kontakt","status":"publish","type":"page","link":"https:\/\/pro-bahn-hessen.de\/?page_id=5554","title":{"rendered":"Kontakt"},"content":{"rendered":"<p><strong>Fahrgastdialog PRO BAHN Hessen und PRO BAHN Landesverband Hessen<br \/>\nPRO BAHN Regionalverb\u00e4nde in Hessen, d.h.:<br \/>\nNordhessen, Osthessen, Mittelhessen, Frankfurt\/Rhein-Main und Starkenburg<\/strong><\/p>\n<p>Bitte beachten Sie auch die Hinweise am Ende dieser Textseite.<\/p>\n<p><strong>Vorrangiger Kontakt &#8211; Sprechzeiten- 17:00 Uhr bis 19:00 Uhr<\/strong><\/p>\n<p><strong>Fahrgastdialog \/ Fahrgastproblem \/ Kontakt PRO BAHN Hessen:<\/strong><br \/>\n<strong>M\u00f6chten Sie \u00fcber Situationen aus dem Alltag im \u00d6PNV mit uns in Kontakt treten<\/strong>, dann schreiben Sie einfach eine Mail an:<br \/>\n<strong>fahrgastproblem@pro-bahn-hessen.de<\/strong>.<\/p>\n<p><strong>PRO BAHN-Landesverband Hessen e.V.<\/strong><\/p>\n<p>Anschrift\/Kontakt 1:<br \/>\nPostfach 11 14 16<br \/>\n60049 Frankfurt am Main<br \/>\nTel. +49(0)69 244372266<br \/>\nFax: +49(0)69 90019793<br \/>\nE-Mail: mail(a)pro-bahn-hessen.de<\/p>\n<p>Anschrift\/Kontakt 2:<br \/>\nBahnhofstra\u00dfe 10<br \/>\n35457 Lollar<br \/>\nTel. +49(0)6406 8373997<br \/>\nFax: +49(0)69 90019793<br \/>\nE-Mail: mail(a)pro-bahn-hessen.de<\/p>\n<p><strong>Regionalverb\u00e4nde<\/strong><\/p>\n<p><strong>PRO BAHN Regionalverband Nordhessen<\/strong><br \/>\nPostfach 41 02 34<br \/>\n34064 Kassel<br \/>\nTel. +49(0)561 51009234<br \/>\nE-Mail: nordhessen(a)pro-bahn-hessen.de<\/p>\n<p><strong>PRO BAHN Regionalverband Osthessen<\/strong><br \/>\nBaumgartenweg 12<br \/>\n36341 Lauterbach (Hessen)<br \/>\nTel. +49(0)6641 2911<br \/>\nFax: +49(0)6641 910672<br \/>\nE-Mail: osthessen(a)pro-bahn-hessen.de<\/p>\n<p><strong>PRO BAHN Regionalverband Mittelhessen<\/strong><br \/>\nBahnhofstra\u00dfe 10<br \/>\n35457 Lollar<br \/>\nTel. +49(0)6406 8373997<br \/>\nFax: +49(0)6641 8708996<br \/>\nE-Mail: mittelhessen(a)pro-bahn-hessen.de<\/p>\n<p><strong>PRO BAHN Regionalverband Frankfurt\/Rhein-Main<\/strong><br \/>\nPostfach 11 14 16<br \/>\n60049 Frankfurt\/Main<br \/>\nTel. +49(0)69 244372257<br \/>\nE-Mail: frankfurt(a)pro-bahn-hessen.de<\/p>\n<p><strong>PRO BAHN Regionalverband Starkenburg<\/strong><br \/>\nH\u00fcgelstra\u00dfe 30<br \/>\n64569 Nauheim (bei Gro\u00df-Gerau)<br \/>\nTel. +49(0)6152 \/ 9279265<br \/>\nE-Mail: starkenburg(a)pro-bahn-hessen.de<\/p>\n<p><strong>Vorrangiger Kontakt &#8211; Sprechzeiten- 17:00 Uhr bis 19:00 Uhr<\/strong><\/p>\n<p>Die h\u00f6chsten Gremien des PRO BAHN Landesverbandes Hessen sind die Landesversammlung, der Landesausschuss und der Landesvorstand. Sie sind \u00fcber nachstehenden Kontaktdaten erreichbar.<\/p>\n<p><strong><strong>Bitte beachten Sie, dass die Funktionstr\u00e4ger\/innen im Alltag auch beruflichen und anderen pers\u00f6nlichen Aufgaben nachgehen. Von daher kann es sein, dass auch mal ein Gespr\u00e4ch nicht angenommen werden kann. Sprechen Sie bitte in dem Fall auf den Anrufbeantworter. Wir rufen alsbald zur\u00fcck.<\/strong><\/strong><\/p>\n<p>Auf den Unterseiten dieser Seite werden die Gremien n\u00e4her erl\u00e4utert und die handelnden Personen genannt.<\/p>\n","protected":false},"excerpt":{"rendered":"<p>Fahrgastdialog PRO BAHN Hessen und PRO BAHN Landesverband Hessen PRO BAHN Regionalverb\u00e4nde in Hessen, d.h.: Nordhessen, Osthessen, Mittelhessen, Frankfurt\/Rhein-Main und Starkenburg Bitte beachten Sie auch die Hinweise am Ende dieser Textseite. Vorrangiger Kontakt &#8211; Sprechzeiten- 17:00 Uhr bis 19:00 Uhr &hellip; <a href=\"https:\/\/pro-bahn-hessen.de\/?page_id=5554\">Weiterlesen <span class=\"meta-nav\">&rarr;<\/span><\/a><\/p>\n","protected":false},"author":1,"featured_media":0,"parent":237,"menu_order":1,"comment_status":"closed","ping_status":"closed","template":"","meta":{"footnotes":""},"_links":{"self":[{"href":"https:\/\/pro-bahn-hessen.de\/index.php?rest_route=\/wp\/v2\/pages\/5554"}],"collection":[{"href":"https:\/\/pro-bahn-hessen.de\/index.php?rest_route=\/wp\/v2\/pages"}],"about":[{"href":"https:\/\/pro-bahn-hessen.de\/index.php?rest_route=\/wp\/v2\/types\/page"}],"author":[{"embeddable":true,"href":"https:\/\/pro-bahn-hessen.de\/index.php?rest_route=\/wp\/v2\/users\/1"}],"replies":[{"embeddable":true,"href":"https:\/\/pro-bahn-hessen.de\/index.php?rest_route=%2Fwp%2Fv2%2Fcomments&post=5554"}],"version-history":[{"count":27,"href":"https:\/\/pro-bahn-hessen.de\/index.php?rest_route=\/wp\/v2\/pages\/5554\/revisions"}],"predecessor-version":[{"id":9984,"href":"https:\/\/pro-bahn-hessen.de\/index.php?rest_route=\/wp\/v2\/pages\/5554\/revisions\/9984"}],"up":[{"embeddable":true,"href":"https:\/\/pro-bahn-hessen.de\/index.php?rest_route=\/wp\/v2\/pages\/237"}],"wp:attachment":[{"href":"https:\/\/pro-bahn-hessen.de\/index.php?rest_route=%2Fwp%2Fv2%2Fmedia&parent=5554"}],"curies":[{"name":"wp","href":"https:\/\/api.w.org\/{rel}","templated":true}]}}