{"id":5564,"date":"2018-06-10T17:04:58","date_gmt":"2018-06-10T15:04:58","guid":{"rendered":"https:\/\/pro-bahn-hessen.de\/?page_id=5564"},"modified":"2025-11-02T11:10:15","modified_gmt":"2025-11-02T10:10:15","slug":"landesvorstand","status":"publish","type":"page","link":"https:\/\/pro-bahn-hessen.de\/?page_id=5564","title":{"rendered":"Landesvorstand"},"content":{"rendered":"<p>Der Landesvorstand vertritt den Landesverband nach au\u00dfen und ist f\u00fcr die Gesch\u00e4ftsf\u00fchrung, die Verwaltungsarbeit und weitere allt\u00e4gliche Arbeit verantwortlich. Genauere Angaben \u00fcber die Kontaktdaten von einzelnen Personen werden auf schriftliche Anfrage in R\u00fccksprache mit dem jeweiligen Verantwortungstr\u00e4ger erteilt. Ansonsten sind die zentralen Kontaktdaten in Lollar, in Frankfurt am Main und in Kassel auf der Seite \u201e\u00dcber uns\u201c und &#8222;Kontakt&#8220; zu finden. Die Landesvorstandsmitglieder nehmen auch weitere Aufgaben f\u00fcr den Verband wahr. Sie sind u.a. auf der Seite &#8222;Landesausschuss&#8220; zu finden.<\/p>\n<p><strong>1.) gesch\u00e4ftsf\u00fchrender Landesvorstand gem. \u00a7 26 BGB:<\/strong><\/p>\n<p><em>Landesvorsitzender<\/em><br \/>\n<strong>Thomas Kraft<\/strong><br \/>\n35633 Lahnau [LDK]<\/p>\n<p><em>Stellv. Landesvorsitzender<\/em><br \/>\n<strong>Klaus Zecher<\/strong><br \/>\n35392 Gie\u00dfen [GI]<\/p>\n<p><em>Landeskassenwart <\/em><br \/>\n<strong>Uwe Schuchmann<\/strong><br \/>\n64372 Ober-Ramstadt [DA-DI]<\/p>\n<p><strong>2.) erweiterter Landesvorstand:<\/strong><\/p>\n<p><em>Beisitzer<\/em><br \/>\n<strong>Dirk Elmer<\/strong><br \/>\n20257 Hamburg [HH]<\/p>\n<p><em>Beisitzer<\/em><br \/>\n<strong>Werner Filzinger<\/strong><br \/>\n36341 Lauterbach (Hessen) [VB]<\/p>\n<p><em>Beisitzer<\/em><br \/>\n<strong>Manuel Flauaus<\/strong><br \/>\n65618 Selters (Taunus) [LM]<\/p>\n<p><em>Beisitzer<\/em><br \/>\n<strong>Lukas K\u00f6hler<\/strong><br \/>\n63584 Gr\u00fcndau [MKK]<\/p>\n<p><em>Beisitzer<\/em><br \/>\n<strong>Bernd Rohrmann<\/strong><br \/>\n64289 Darmstadt [DA]<\/p>\n","protected":false},"excerpt":{"rendered":"<p>Der Landesvorstand vertritt den Landesverband nach au\u00dfen und ist f\u00fcr die Gesch\u00e4ftsf\u00fchrung, die Verwaltungsarbeit und weitere allt\u00e4gliche Arbeit verantwortlich. Genauere Angaben \u00fcber die Kontaktdaten von einzelnen Personen werden auf schriftliche Anfrage in R\u00fccksprache mit dem jeweiligen Verantwortungstr\u00e4ger erteilt. Ansonsten sind &hellip; <a href=\"https:\/\/pro-bahn-hessen.de\/?page_id=5564\">Weiterlesen <span class=\"meta-nav\">&rarr;<\/span><\/a><\/p>\n","protected":false},"author":1,"featured_media":0,"parent":237,"menu_order":4,"comment_status":"closed","ping_status":"closed","template":"","meta":{"footnotes":""},"_links":{"self":[{"href":"https:\/\/pro-bahn-hessen.de\/index.php?rest_route=\/wp\/v2\/pages\/5564"}],"collection":[{"href":"https:\/\/pro-bahn-hessen.de\/index.php?rest_route=\/wp\/v2\/pages"}],"about":[{"href":"https:\/\/pro-bahn-hessen.de\/index.php?rest_route=\/wp\/v2\/types\/page"}],"author":[{"embeddable":true,"href":"https:\/\/pro-bahn-hessen.de\/index.php?rest_route=\/wp\/v2\/users\/1"}],"replies":[{"embeddable":true,"href":"https:\/\/pro-bahn-hessen.de\/index.php?rest_route=%2Fwp%2Fv2%2Fcomments&post=5564"}],"version-history":[{"count":28,"href":"https:\/\/pro-bahn-hessen.de\/index.php?rest_route=\/wp\/v2\/pages\/5564\/revisions"}],"predecessor-version":[{"id":10022,"href":"https:\/\/pro-bahn-hessen.de\/index.php?rest_route=\/wp\/v2\/pages\/5564\/revisions\/10022"}],"up":[{"embeddable":true,"href":"https:\/\/pro-bahn-hessen.de\/index.php?rest_route=\/wp\/v2\/pages\/237"}],"wp:attachment":[{"href":"https:\/\/pro-bahn-hessen.de\/index.php?rest_route=%2Fwp%2Fv2%2Fmedia&parent=5564"}],"curies":[{"name":"wp","href":"https:\/\/api.w.org\/{rel}","templated":true}]}}