{"id":5717,"date":"2018-09-05T14:56:39","date_gmt":"2018-09-05T12:56:39","guid":{"rendered":"https:\/\/pro-bahn-hessen.de\/?page_id=5717"},"modified":"2023-12-31T18:45:48","modified_gmt":"2023-12-31T17:45:48","slug":"unsere-mitgliedschaften","status":"publish","type":"page","link":"https:\/\/pro-bahn-hessen.de\/?page_id=5717","title":{"rendered":"Als Verband Mitglied bei"},"content":{"rendered":"<p>Wir sind Mitglied in<\/p>\n<p><strong>1.) Verbraucherzentrale Hessen e.V.<\/strong> (als F\u00f6rdermitglied)<br \/>\nGro\u00dfe Friedberger Stra\u00dfe 13-17<br \/>\n60313 Frankfurt am Main<br \/>\n<a href=\"http:\/\/www.verbraucherzentrale-hessen.de\" target=\"_blank\" rel=\"noopener noreferrer\">www.verbraucherzentrale-hessen.de<\/a><\/p>\n<p><strong>2.) B\u00fcndnis &#8222;Bahn f\u00fcr Alle&#8220; <\/strong><br \/>\nc\/o Gemeingut in B\u00fcrgerInnenhand (GiB) e.V.<br \/>\nWeidenweg 37<br \/>\n10249 Berlin<br \/>\n<a href=\"http:\/\/www.bahn-fuer-alle.de\" target=\"_blank\" rel=\"noopener noreferrer\">www.bahn-fuer-alle.de<\/a><\/p>\n<p><strong>3.) AG Nahmobilit\u00e4t Hessen<\/strong><br \/>\nGesch\u00e4ftsstelle Arbeitsgemeinschaft Nahmobilit\u00e4t<br \/>\ndes Hessischen Ministeriums f\u00fcr Wirtschaft, Energie, Verkehr und Landesentwicklung<br \/>\nKaiser-Friedrich-Ring 75<br \/>\n65185 Wiesbaden<br \/>\n<a href=\"https:\/\/www.mobileshessen2020.de\/\">https:\/\/www.mobileshessen2020.de\/<\/a><\/p>\n<p><strong>4.) Regionales Schienenb\u00fcndnis Darmstadt-Dieburg<\/strong><br \/>\nRostocker Stra\u00dfe 14<br \/>\n64372 Ober-Ramstadt<br \/>\nReaktivierungsinitiative f\u00fcr den Ausbau des Schienennetzes im Landkreis Darmstadt-Dieburg, der Odenwaldbahn und der Reaktivierung der Gersprenztalbahn Reinheim &#8211; Gro\u00df-Bieberau.<br \/>\n<a href=\"http:\/\/www.odenwaldbahn.de\" rel=\"noopener noreferrer\" target=\"_blank\">www.odenwaldbahn.de<\/a><\/p>\n<p><strong>5.) Eisenbahnfreunde Sinntalbahn<\/strong><br \/>\nKirchplatz 1<br \/>\n97769 Bad Br\u00fcckenau<br \/>\nReaktivierungsinitiative f\u00fcr die Sinntalbahn Jossa-Wildflecken in Spessart und Rh\u00f6n<br \/>\n<em>Anmerkung: Leider ist die Initiative bis auf weiteres gescheitert, weil 2016 aufgrund des kommunalpolitischen Widerstands entgegen jedweder verkehrstechnischer Vernunft die Gleisanlagen im hessisch-fr\u00e4nkischen (bayerischen) Grenzgebiet abgebaut wurden.<\/em><br \/>\n<a href=\"http:\/\/www.sinntalbahn.de\">http:\/\/www.sinntalbahn.de<\/a><\/p>\n","protected":false},"excerpt":{"rendered":"<p>Wir sind Mitglied in 1.) Verbraucherzentrale Hessen e.V. (als F\u00f6rdermitglied) Gro\u00dfe Friedberger Stra\u00dfe 13-17 60313 Frankfurt am Main www.verbraucherzentrale-hessen.de 2.) B\u00fcndnis &#8222;Bahn f\u00fcr Alle&#8220; c\/o Gemeingut in B\u00fcrgerInnenhand (GiB) e.V. Weidenweg 37 10249 Berlin www.bahn-fuer-alle.de 3.) AG Nahmobilit\u00e4t Hessen Gesch\u00e4ftsstelle &hellip; <a href=\"https:\/\/pro-bahn-hessen.de\/?page_id=5717\">Weiterlesen <span class=\"meta-nav\">&rarr;<\/span><\/a><\/p>\n","protected":false},"author":1,"featured_media":0,"parent":237,"menu_order":6,"comment_status":"closed","ping_status":"closed","template":"","meta":{"footnotes":""},"_links":{"self":[{"href":"https:\/\/pro-bahn-hessen.de\/index.php?rest_route=\/wp\/v2\/pages\/5717"}],"collection":[{"href":"https:\/\/pro-bahn-hessen.de\/index.php?rest_route=\/wp\/v2\/pages"}],"about":[{"href":"https:\/\/pro-bahn-hessen.de\/index.php?rest_route=\/wp\/v2\/types\/page"}],"author":[{"embeddable":true,"href":"https:\/\/pro-bahn-hessen.de\/index.php?rest_route=\/wp\/v2\/users\/1"}],"replies":[{"embeddable":true,"href":"https:\/\/pro-bahn-hessen.de\/index.php?rest_route=%2Fwp%2Fv2%2Fcomments&post=5717"}],"version-history":[{"count":12,"href":"https:\/\/pro-bahn-hessen.de\/index.php?rest_route=\/wp\/v2\/pages\/5717\/revisions"}],"predecessor-version":[{"id":9236,"href":"https:\/\/pro-bahn-hessen.de\/index.php?rest_route=\/wp\/v2\/pages\/5717\/revisions\/9236"}],"up":[{"embeddable":true,"href":"https:\/\/pro-bahn-hessen.de\/index.php?rest_route=\/wp\/v2\/pages\/237"}],"wp:attachment":[{"href":"https:\/\/pro-bahn-hessen.de\/index.php?rest_route=%2Fwp%2Fv2%2Fmedia&parent=5717"}],"curies":[{"name":"wp","href":"https:\/\/api.w.org\/{rel}","templated":true}]}}