{"id":6312,"date":"2019-04-29T05:50:00","date_gmt":"2019-04-29T03:50:00","guid":{"rendered":"https:\/\/pro-bahn-hessen.de\/?page_id=6312"},"modified":"2026-03-20T18:57:30","modified_gmt":"2026-03-20T17:57:30","slug":"satzungen-land-und-regionen","status":"publish","type":"page","link":"https:\/\/pro-bahn-hessen.de\/?page_id=6312","title":{"rendered":"Satzungen LV Hessen und Regionen"},"content":{"rendered":"<p><strong>Satzung Landesverband<\/strong><\/p>\n<p>Der PRO BAHN Landesverband Hessen e.V. ist unter der Vereinsregister-Nummer VR 12195 \u2013 Amtsgericht Frankfurt am Main eingetragen. Die vom Amtsgericht genehmigte Satzung wurde durch die Landesmitgliederversammlung, dem obersten Organ des Landesverbandes, in der aktuellen \u00c4nderungsfassung am 10.01.2026 in Darmstadt beraten und beschlossen.<\/p>\n<p><a href=\"https:\/\/pro-bahn-hessen.de\/wp-content\/uploads\/2026\/03\/Satzung-PRO-BAHN-LV-Hessen-2026-01-10.pdf\">Satzung &#8211; PRO BAHN Landesverband Hessen e.V.- 10.01.2026<\/a><\/p>\n<p><strong>Satzungen der Regionalgliederungen<\/strong><\/p>\n<p>Des Weiteren gibt es f\u00fcr die insgesamt f\u00fcnf Regionalverb\u00e4nde,<br \/>\ninsgesamt &#8222;drei eingetragene Vereine &#8211; e.V.&#8220;, welche beim Vereinsregister in den jeweiligen Amtsgerichtsbezirken eingetragen sind. Hier die drei Satzungen:<\/p>\n<p>a) PRO BAHN Regionalverband Frankfurt\/Rhein-Main e.V.<br \/>\n<a href=\"https:\/\/pro-bahn-hessen.de\/wp-content\/uploads\/2026\/03\/Satzung-Regionalverband-Frankfurt-Rhein-Main-2022-05-09-1.pdf\">Satzung \u2013 PRO BAHN Regionalverband Frankfurt\/Rhein-Main e.V. \u2013 09.05.2025<\/a><\/p>\n<p>b) PRO BAHN Regionalverband Starkenburg e.V.<br \/>\n<a href=\"https:\/\/pro-bahn-hessen.de\/wp-content\/uploads\/2026\/03\/Satzung-Regionalverband-Starkenburg-2025-04-26.pdf\">Satzung <\/a><a href=\"https:\/\/pro-bahn-hessen.de\/wp-content\/uploads\/2026\/03\/Satzung-Regionenvereinigung-NOM-2023-07-01.pdf\">\u2013<\/a><a href=\"https:\/\/pro-bahn-hessen.de\/wp-content\/uploads\/2026\/03\/Satzung-Regionalverband-Starkenburg-2025-04-26.pdf\"> PRO BAHN Regionalverband Starkenburg e.V. <\/a><a href=\"https:\/\/pro-bahn-hessen.de\/wp-content\/uploads\/2026\/03\/Satzung-Regionenvereinigung-NOM-2023-07-01.pdf\">\u2013<\/a><a href=\"https:\/\/pro-bahn-hessen.de\/wp-content\/uploads\/2026\/03\/Satzung-Regionalverband-Starkenburg-2025-04-26.pdf\"> 26.04.2025<\/a><\/p>\n<p>c) PRO BAHN Regionenvereinigung NOM Nordhessen-Osthessen-Mittelhessen e.V.<br \/>\n&#8211; f\u00fcr die PRO BAHN Regionalverb\u00e4nde Nordhessen, Osthessen und Mittelhessen<br \/>\n<a href=\"https:\/\/pro-bahn-hessen.de\/wp-content\/uploads\/2026\/03\/Satzung-Regionenvereinigung-NOM-2023-07-01-final.pdf\">Satzung \u2013 PRO BAHN Regionenvereinigung NOM \u2013 Nordhessen-Osthessen-Mittelhessen e.V. \u2013 01.07.2023<\/a><\/p>\n<p><strong>weitere Rechtsgrundlagen des PRO BAHN Landesverbandes Hessen e.V.:<\/strong><\/p>\n<p><a href=\"https:\/\/pro-bahn-hessen.de\/wp-content\/uploads\/2025\/06\/Geschaeftsordnung-digitale-Verbandsarbeit-final-2025-05-31.pdf\">Gesch\u00e4ftsordnung digitale Verbandsarbeit <\/a><a href=\"https:\/\/pro-bahn-hessen.de\/wp-content\/uploads\/2026\/03\/Satzung-Regionenvereinigung-NOM-2023-07-01.pdf\">\u2013<\/a><a href=\"https:\/\/pro-bahn-hessen.de\/wp-content\/uploads\/2025\/06\/Geschaeftsordnung-digitale-Verbandsarbeit-final-2025-05-31.pdf\"> 31.05.2025<\/a><br \/>\nGesch\u00e4ftsordnung zur Durchf\u00fchrung digitaler Sitzungen des PRO BAHN Landesverbandes Hessen, seiner Regionalgliederungen und seiner Facharbeit.<\/p>\n<p><a href=\"https:\/\/pro-bahn-hessen.de\/wp-content\/uploads\/2026\/03\/Landes-Erstattungsordnung-PRO-BAHN-Landesverband-Hessen-2026-02-21.pdf\">Landes-Erstattungsordnung <\/a><a href=\"https:\/\/pro-bahn-hessen.de\/wp-content\/uploads\/2026\/03\/Satzung-Regionenvereinigung-NOM-2023-07-01.pdf\">\u2013<\/a><a href=\"https:\/\/pro-bahn-hessen.de\/wp-content\/uploads\/2026\/03\/Landes-Erstattungsordnung-PRO-BAHN-Landesverband-Hessen-2026-02-21.pdf\"> 21.02.2026<\/a><br \/>\nGesch\u00e4ftsordnung zur Erstattung von Auslagen f\u00fcr Funktionstr\u00e4gerinnen und Funktionstr\u00e4ger im PRO BAHN Landesverband Hessen.<\/p>\n<p><a href=\"https:\/\/pro-bahn-hessen.de\/wp-content\/uploads\/2026\/03\/Landes-Schiedsordnung-PRO-BAHN-Landesverband-Hessen-2026-02-21.pdf\">Landes-Schiedsordnung <\/a><a href=\"https:\/\/pro-bahn-hessen.de\/wp-content\/uploads\/2026\/03\/Satzung-Regionenvereinigung-NOM-2023-07-01.pdf\">\u2013<\/a><a href=\"https:\/\/pro-bahn-hessen.de\/wp-content\/uploads\/2026\/03\/Landes-Schiedsordnung-PRO-BAHN-Landesverband-Hessen-2026-02-21.pdf\"> 21.02.2026 <\/a><br \/>\nRechtsgrundlage f\u00fcr ein m\u00f6gliches Schiedsgericht des PRO BAHN Landesverbandes Hessen e.V.<\/p>\n<p>Die <strong>Datenschutzordnung des PRO BAHN Landesverbandes Hessen<\/strong> ist auf der extra Unterseite &#8222;Datenschutz&#8220; dieser Homepage hinterlegt.<\/p>\n","protected":false},"excerpt":{"rendered":"<p>Satzung Landesverband Der PRO BAHN Landesverband Hessen e.V. ist unter der Vereinsregister-Nummer VR 12195 \u2013 Amtsgericht Frankfurt am Main eingetragen. Die vom Amtsgericht genehmigte Satzung wurde durch die Landesmitgliederversammlung, dem obersten Organ des Landesverbandes, in der aktuellen \u00c4nderungsfassung am 10.01.2026 &hellip; <a href=\"https:\/\/pro-bahn-hessen.de\/?page_id=6312\">Weiterlesen <span class=\"meta-nav\">&rarr;<\/span><\/a><\/p>\n","protected":false},"author":4,"featured_media":0,"parent":237,"menu_order":9,"comment_status":"closed","ping_status":"closed","template":"","meta":{"footnotes":""},"_links":{"self":[{"href":"https:\/\/pro-bahn-hessen.de\/index.php?rest_route=\/wp\/v2\/pages\/6312"}],"collection":[{"href":"https:\/\/pro-bahn-hessen.de\/index.php?rest_route=\/wp\/v2\/pages"}],"about":[{"href":"https:\/\/pro-bahn-hessen.de\/index.php?rest_route=\/wp\/v2\/types\/page"}],"author":[{"embeddable":true,"href":"https:\/\/pro-bahn-hessen.de\/index.php?rest_route=\/wp\/v2\/users\/4"}],"replies":[{"embeddable":true,"href":"https:\/\/pro-bahn-hessen.de\/index.php?rest_route=%2Fwp%2Fv2%2Fcomments&post=6312"}],"version-history":[{"count":21,"href":"https:\/\/pro-bahn-hessen.de\/index.php?rest_route=\/wp\/v2\/pages\/6312\/revisions"}],"predecessor-version":[{"id":10172,"href":"https:\/\/pro-bahn-hessen.de\/index.php?rest_route=\/wp\/v2\/pages\/6312\/revisions\/10172"}],"up":[{"embeddable":true,"href":"https:\/\/pro-bahn-hessen.de\/index.php?rest_route=\/wp\/v2\/pages\/237"}],"wp:attachment":[{"href":"https:\/\/pro-bahn-hessen.de\/index.php?rest_route=%2Fwp%2Fv2%2Fmedia&parent=6312"}],"curies":[{"name":"wp","href":"https:\/\/api.w.org\/{rel}","templated":true}]}}