{"id":8564,"date":"2022-08-05T16:36:55","date_gmt":"2022-08-05T14:36:55","guid":{"rendered":"https:\/\/pro-bahn-hessen.de\/?page_id=8564"},"modified":"2025-09-11T16:07:05","modified_gmt":"2025-09-11T14:07:05","slug":"standpunktepapiere","status":"publish","type":"page","link":"https:\/\/pro-bahn-hessen.de\/?page_id=8564","title":{"rendered":"Standpunktepapiere"},"content":{"rendered":"<p><a href=\"https:\/\/pro-bahn-hessen.de\/wp-content\/uploads\/2025\/09\/Standpunktekatalog-PRO-BAHN-Hessen-zu-Reaktivierungen-final-22.02.2025.pdf\">Standpunktekatalog von PRO BAHN Hessen zur Reaktivierung und zum Wiederaufbau von Bahnstrecken in  Hessen &#8211; 22.02.2025<\/a><\/p>\n<p><a href=\"https:\/\/pro-bahn-hessen.de\/wp-content\/uploads\/2025\/09\/Standpunktepapier-Wiederaufbau-von-Bahnstationen-an-Bestandsstrecken-final-22.02.2025.pdf\">Standpunktepapier &#8211; Wiederaufbau von Bahnstationen an Bestandsstrecken &#8211; 22.02.2025<\/a><\/p>\n<p><a href=\"https:\/\/pro-bahn-hessen.de\/wp-content\/uploads\/2024\/09\/Standpunktepapier-Trassenpreise-Stationspreise-keine-Erhoehung-Forderung-nach-Neuausrichtung-Finanzierung-24.08.2024.pdf\">Standpunktepapier &#8211; Trassenpreise-Stationspreise-keine Erh\u00f6hung- Forderung nach Neuausrichtung-Finanzierung &#8211; 24.08.2024<\/a><\/p>\n<p><a href=\"https:\/\/pro-bahn-hessen.de\/wp-content\/uploads\/2024\/09\/Standpunktepapier-Kein-10-streifiger-Ausbau-der-A-5-zwischen-dem-Frankfurter-Kreuz-und-der-Anschlussstelle-Friedberg-Hessen-24.08.2024.pdf\">Standpunktepapier &#8211; Kein 10-streifiger Ausbau der A 5 zwischen dem Frankfurter Kreuz und der Anschlussstelle Friedberg (Hessen) &#8211; 24.08.2024<\/a><\/p>\n<p><a href=\"https:\/\/pro-bahn-hessen.de\/wp-content\/uploads\/2024\/09\/Standpunktepapier-sofortige-ersatzlose-Demontage-des-E-Highway-auf-Autobahnen-24.08.2024.pdf\">Standpunktepapier &#8211; sofortige ersatzlose Demontage des E-Highway auf Autobahnen &#8211; 24.08.2024<\/a><\/p>\n<p><a href=\"https:\/\/pro-bahn-hessen.de\/wp-content\/uploads\/2024\/09\/Standpunktepapier-PRO-BAHN-Hessen-fordert-Schienennotstandsgipfel-auf-Bundes-und-Landesebene-13.01.2024.pdf\">Standpunktepapier &#8211; PRO BAHN Hessen fordert Schienennotstandsgipfel auf Bundes- und Landesebene &#8211; 13.01.2024<\/a><\/p>\n<p><a href=\"https:\/\/pro-bahn-hessen.de\/wp-content\/uploads\/2024\/09\/Standpunktepapier-Kritische-Wertung-des-Ausfalls-von-Schienennahverkehrsleistungen-in-allen-Teilen-Hessens-28.10.2023.pdf\">Standpunktepapier &#8211; Kritische Wertung des Ausfalls von Schienennahverkehrsleistungen in allen Teilen Hessens &#8211; 28.10.2023<\/a><\/p>\n<p><a href=\"https:\/\/pro-bahn-hessen.de\/wp-content\/uploads\/2024\/09\/Standpunktepapier-Forderung-Systemrelevanz-fuer-Berufe-des-Bahnwesens-28.10.2023.pdf\">Standpunktepapier &#8211; Forderung Systemrelevanz f\u00fcr Berufe des Bahnwesens &#8211; 28.10.2023<\/a><\/p>\n<p><a href=\"https:\/\/pro-bahn-hessen.de\/wp-content\/uploads\/2024\/09\/Standpunktepapier-Forderung-groessere-Platzkapazitaeten-im-RE-und-RB-Verkehr-Hessens-sofortige-Aenderung-RE98-RE99-und-RE54-RE55-28.10.2023.pdf\">Standpunktepapier &#8211; Forderung gr\u00f6\u00dfere Platzkapazit\u00e4ten im RE- und RB-Verkehr Hessens &#8211; sofortige \u00c4nderung RE98-RE99 und RE54-RE55 &#8211; 28.10.2023<\/a><\/p>\n<p><a href=\"https:\/\/pro-bahn-hessen.de\/wp-content\/uploads\/2024\/09\/Standpunktepapier-Forderung-der-grundsaetzlichen-Durchsage-Achtung-ein-Zug-faehrt-durch-28.10.2023.pdf\">Standpunktepapier &#8211; Forderung der grunds\u00e4tzlichen Durchsage &#8211; Achtung ein Zug f\u00e4hrt durch &#8211; 28.10.2023<\/a><\/p>\n<p><a href=\"https:\/\/pro-bahn-hessen.de\/wp-content\/uploads\/2024\/09\/Standpunktepapier-Einfuehrung-eines-Bildungstickets-fuer-Hessen-ueberverbandliche-Position-30.08.2023.pdf\">Standpunktepapier &#8211; Einf\u00fchrung eines Bildungstickets f\u00fcr Hessen &#8211; \u00fcberverbandliche Position &#8211; 30.08.2023<\/a><\/p>\n<p><a href=\"https:\/\/pro-bahn-hessen.de\/wp-content\/uploads\/2024\/09\/Standpunktepapier-Schwachstellen-am-Grossprojekt-Schnellfahrstrecke-Fulda-Gerstungen-PRO-BAHN-LV-Thueringen-und-PRO-BAHN-LV-Hessen-06.06.2023.pdf\">Standpunktepapier &#8211; Schwachstellen am Gro\u00dfprojekt Schnellfahrstrecke Fulda-Gerstungen &#8211; PRO BAHN LV Th\u00fcringen und PRO BAHN LV Hessen &#8211; 06.06.2023<\/a><\/p>\n<p><a href=\"https:\/\/pro-bahn-hessen.de\/wp-content\/uploads\/2022\/08\/Standpunktepapier-final-9-Euro-Ticket.pdf\">Standpunktepapier &#8211; 9-Euro-Ticket und Nachfolgel\u00f6sung &#8211; Sicht des PRO BAHN-Landesverbandes Hessen &#8211; 16.07.2022<\/a><\/p>\n<p><a href=\"https:\/\/pro-bahn-hessen.de\/wp-content\/uploads\/2022\/08\/Standpunktepapier-final-02-Kritik-Situation-Main-Weser-Bahn-2022.pdf\">Standpunktepapier &#8211; Kritik an Situation Main-Weser-Bahn aufgrund falschem Fahrplan und Baustellen &#8211; 16.07.2022<\/a><\/p>\n<p><a href=\"https:\/\/pro-bahn-hessen.de\/wp-content\/uploads\/2024\/09\/Standpunktepapier-Wiederherstellung-der-Anwendungsfunktionen-im-Internet-insbes.-auf-bahn.de-11.06.2022-und-08.10.2022.pdf\">Standpunktepapier &#8211; Wiederherstellung der Anwendungsfunktionen im Internet &#8211; insbes. auf bahn.de &#8211; 11.06.2022 und 08.10.2022<\/a><\/p>\n<p><a href=\"https:\/\/pro-bahn-hessen.de\/wp-content\/uploads\/2024\/09\/Standpunktepapier-Kritik-Abschaffung-Wagenstandsanzeiger-und-Fahrgastinformation-an-Bahnsteigen-11.06.2022-und-08.10.2022.pdf\">Standpunktepapier &#8211; Kritik Abschaffung Wagenstandsanzeiger und Fahrgastinformation an Bahnsteigen &#8211; 11.06.2022 und 08.10.2022<\/a><\/p>\n<p><a href=\"https:\/\/pro-bahn-hessen.de\/wp-content\/uploads\/2022\/08\/Standpunktepapier-Lahntalbahn-2021-03-27.pdf\">Standpunktepapier zur Elektrifizierung und zum Ausbau der Lahntalbahn &#8211; PRO BAHN Nordhessen-Osthessen-Mittelhessen &#8211; 27.03.2021<\/a><\/p>\n<p><a href=\"https:\/\/pro-bahn-hessen.de\/wp-content\/uploads\/2022\/08\/Standpunktepapier-30-Minuten-Takt-Regionalbahn-Mittelhessen-2021-03-27.pdf\">Standpunktepapier &#8211; 30-Minuten-Takt &#8211; Regionalbahn &#8211; PRO BAHN Nordhessen-Osthessen-Mittelhessen &#8211; 27.03.2021<\/a><\/p>\n<p><a href=\"https:\/\/pro-bahn-hessen.de\/wp-content\/uploads\/2022\/08\/Standpunktepapier-Neubaustrecke-Rhein-Main-Rhein-Neckar-2020-10-26.pdf\">Standpunktepapier &#8211; Forderung f\u00fcr die Parlamentarische Befassung zur Neubaustrecke Rhein\/Main-Rhein\/Neckar &#8211; 26.10.2020<\/a><\/p>\n<p><a href=\"https:\/\/pro-bahn-hessen.de\/wp-content\/uploads\/2022\/08\/Standpunktepapier-zur-A-49-PRO-BAHN-Mittelhessen-final.pdf\">Standpunktepapier zum Neubau der Autobahn A 49 und fehlenden Alternativen sowie fehlendem Bahnausbau- 25.10.2020<\/a><\/p>\n<p><a href=\"https:\/\/pro-bahn-hessen.de\/wp-content\/uploads\/2022\/08\/Standpunktepapier-Vogelsbergbahn-2020-01-15.pdf\">Standpunktepapier zur Vogelsbergbahn &#8211; Regionalverb\u00e4nde Mittelhessen und Osthessen &#8211; 15.01.2020<\/a><\/p>\n<p><a href=\"https:\/\/pro-bahn-hessen.de\/wp-content\/uploads\/2022\/08\/Standpunktepapier-Kurve-Kassel-und-Alternativen-2019-11-06.pdf\">Standpunktepapier &#8211; Kurve Kassel und Alternativen &#8211; PRO BAHN Nordhessen und S\u00fcdniedersachsen &#8211; 06.11.2019<\/a><\/p>\n<p><a href=\"https:\/\/pro-bahn-hessen.de\/wp-content\/uploads\/2022\/08\/Standpunktepapier-Fernbahntunnel-Frankfurt-LV-Hessen-2019-05-19.doc\">Standpunktepapier &#8211; Fernbahntunnel Frankfurt am Main &#8211; PRO BAHN Landesverband Hessen und PRO BAHN Regionalverband Gro\u00dfraum Frankfurt &#8211; 19.05.2019<\/a><\/p>\n<p><a href=\"https:\/\/pro-bahn-hessen.de\/wp-content\/uploads\/2022\/08\/Standpunktepapier-Forderung-Neubaustrecke-Rhein-Main-Saar-Lor-Lux-2018.pdf\">Standpunktepapier &#8211; Forderung Neubaustrecke Rhein\/Main-Saar\/Lor\/Lux &#8211; PRO BAHN Landesverband Hessen und PRO BAHN Landesverband Rheinland-Pfalz\/Saarland &#8211; 06.01.2018<\/a><\/p>\n","protected":false},"excerpt":{"rendered":"<p>Standpunktekatalog von PRO BAHN Hessen zur Reaktivierung und zum Wiederaufbau von Bahnstrecken in Hessen &#8211; 22.02.2025 Standpunktepapier &#8211; Wiederaufbau von Bahnstationen an Bestandsstrecken &#8211; 22.02.2025 Standpunktepapier &#8211; Trassenpreise-Stationspreise-keine Erh\u00f6hung- Forderung nach Neuausrichtung-Finanzierung &#8211; 24.08.2024 Standpunktepapier &#8211; Kein 10-streifiger Ausbau der &hellip; <a href=\"https:\/\/pro-bahn-hessen.de\/?page_id=8564\">Weiterlesen <span class=\"meta-nav\">&rarr;<\/span><\/a><\/p>\n","protected":false},"author":1,"featured_media":0,"parent":0,"menu_order":10,"comment_status":"closed","ping_status":"closed","template":"","meta":{"footnotes":""},"_links":{"self":[{"href":"https:\/\/pro-bahn-hessen.de\/index.php?rest_route=\/wp\/v2\/pages\/8564"}],"collection":[{"href":"https:\/\/pro-bahn-hessen.de\/index.php?rest_route=\/wp\/v2\/pages"}],"about":[{"href":"https:\/\/pro-bahn-hessen.de\/index.php?rest_route=\/wp\/v2\/types\/page"}],"author":[{"embeddable":true,"href":"https:\/\/pro-bahn-hessen.de\/index.php?rest_route=\/wp\/v2\/users\/1"}],"replies":[{"embeddable":true,"href":"https:\/\/pro-bahn-hessen.de\/index.php?rest_route=%2Fwp%2Fv2%2Fcomments&post=8564"}],"version-history":[{"count":36,"href":"https:\/\/pro-bahn-hessen.de\/index.php?rest_route=\/wp\/v2\/pages\/8564\/revisions"}],"predecessor-version":[{"id":9943,"href":"https:\/\/pro-bahn-hessen.de\/index.php?rest_route=\/wp\/v2\/pages\/8564\/revisions\/9943"}],"wp:attachment":[{"href":"https:\/\/pro-bahn-hessen.de\/index.php?rest_route=%2Fwp%2Fv2%2Fmedia&parent=8564"}],"curies":[{"name":"wp","href":"https:\/\/api.w.org\/{rel}","templated":true}]}}